Last updated on 2024-08-05 09:48:16 CEST.
Flavor | Version | Tinstall | Tcheck | Ttotal | Status | Flags |
---|---|---|---|---|---|---|
r-devel-linux-x86_64-debian-clang | 0.1.12 | 111.84 | 49.51 | 161.35 | OK | |
r-devel-linux-x86_64-debian-gcc | 0.1.12 | 66.51 | 28.59 | 95.10 | OK | |
r-devel-linux-x86_64-fedora-gcc | 0.1.12 | 266.90 | OK | |||
r-devel-windows-x86_64 | 0.1.12 | 82.00 | 100.00 | 182.00 | NOTE | |
r-patched-linux-x86_64 | 0.1.12 | 83.24 | 37.15 | 120.39 | OK | |
r-release-linux-x86_64 | 0.1.12 | 111.04 | 47.30 | 158.34 | OK | |
r-release-macos-arm64 | 0.1.12 | 77.00 | NOTE | |||
r-release-macos-x86_64 | 0.1.12 | 167.00 | NOTE | |||
r-release-windows-x86_64 | 0.1.12 | 85.00 | 104.00 | 189.00 | NOTE | |
r-oldrel-macos-arm64 | 0.1.12 | 71.00 | NOTE | |||
r-oldrel-macos-x86_64 | 0.1.12 | 141.00 | NOTE | |||
r-oldrel-windows-x86_64 | 0.1.12 | 86.00 | 101.00 | 187.00 | NOTE |
Version: 0.1.12
Check: installed package size
Result: NOTE
installed size is 13.2Mb
sub-directories of 1Mb or more:
include 7.2Mb
jsonexamples 3.8Mb
libs 2.0Mb
Flavors: r-devel-windows-x86_64, r-release-macos-arm64, r-release-macos-x86_64, r-release-windows-x86_64, r-oldrel-macos-arm64, r-oldrel-macos-x86_64, r-oldrel-windows-x86_64