Last updated on 2024-08-05 09:48:16 CEST.
Flavor | Version | Tinstall | Tcheck | Ttotal | Status | Flags |
---|---|---|---|---|---|---|
r-devel-linux-x86_64-debian-clang | 0.1.9-1 | 6.98 | 51.89 | 58.87 | NOTE | |
r-devel-linux-x86_64-debian-gcc | 0.1.9-1 | 4.47 | 29.41 | 33.88 | NOTE | |
r-devel-linux-x86_64-fedora-gcc | 0.1.9-1 | 71.57 | NOTE | |||
r-devel-windows-x86_64 | 0.1.9-1 | 8.00 | 64.00 | 72.00 | NOTE | |
r-patched-linux-x86_64 | 0.1.9-1 | 6.08 | 38.40 | 44.48 | NOTE | |
r-release-linux-x86_64 | 0.1.9-1 | 7.37 | 49.43 | 56.80 | NOTE | |
r-release-macos-arm64 | 0.1.9-1 | 19.00 | NOTE | |||
r-release-macos-x86_64 | 0.1.9-1 | 31.00 | NOTE | |||
r-release-windows-x86_64 | 0.1.9-1 | 8.00 | 59.00 | 67.00 | NOTE | |
r-oldrel-macos-arm64 | 0.1.9-1 | 23.00 | NOTE | |||
r-oldrel-macos-x86_64 | 0.1.9-1 | 37.00 | NOTE | |||
r-oldrel-windows-x86_64 | 0.1.9-1 | 9.00 | 64.00 | 73.00 | NOTE |
Version: 0.1.9-1
Check: LazyData
Result: NOTE
'LazyData' is specified without a 'data' directory
Flavors: r-devel-linux-x86_64-debian-clang, r-devel-linux-x86_64-debian-gcc, r-devel-linux-x86_64-fedora-gcc, r-devel-windows-x86_64, r-patched-linux-x86_64, r-release-linux-x86_64, r-release-macos-arm64, r-release-macos-x86_64, r-release-windows-x86_64, r-oldrel-macos-arm64, r-oldrel-macos-x86_64, r-oldrel-windows-x86_64