Last updated on 2025-10-24 09:50:15 CEST.
| Flavor | Version | Tinstall | Tcheck | Ttotal | Status | Flags |
|---|---|---|---|---|---|---|
| r-devel-linux-x86_64-debian-clang | 0.3.0.0 | 1.90 | 21.11 | 23.01 | OK | |
| r-devel-linux-x86_64-debian-gcc | 0.3.0.0 | 1.62 | 17.14 | 18.76 | OK | |
| r-devel-linux-x86_64-fedora-clang | 0.3.0.0 | 19.00 | 20.69 | 39.69 | OK | |
| r-devel-linux-x86_64-fedora-gcc | 0.3.0.0 | 32.82 | OK | |||
| r-devel-windows-x86_64 | 0.3.0.0 | 3.00 | 40.00 | 43.00 | OK | |
| r-patched-linux-x86_64 | 0.3.0.0 | 2.07 | 20.05 | 22.12 | OK | |
| r-release-linux-x86_64 | 0.3.0.0 | 2.04 | 19.98 | 22.02 | OK | |
| r-release-macos-arm64 | 0.3.0.0 | 1.00 | 13.00 | 14.00 | OK | |
| r-release-macos-x86_64 | 0.3.0.0 | 2.00 | 19.00 | 21.00 | OK | |
| r-release-windows-x86_64 | 0.3.0.0 | 4.00 | 59.00 | 63.00 | OK | |
| r-oldrel-macos-arm64 | 0.3.0.0 | 1.00 | 14.00 | 15.00 | NOTE | |
| r-oldrel-macos-x86_64 | 0.3.0.0 | 2.00 | 19.00 | 21.00 | NOTE | |
| r-oldrel-windows-x86_64 | 0.3.0.0 | 3.00 | 45.00 | 48.00 | NOTE |
Version: 0.3.0.0
Check: LazyData
Result: NOTE
'LazyData' is specified without a 'data' directory
Flavors: r-oldrel-macos-arm64, r-oldrel-macos-x86_64, r-oldrel-windows-x86_64