Last updated on 2024-09-08 09:48:28 CEST.
Flavor | Version | Tinstall | Tcheck | Ttotal | Status | Flags |
---|---|---|---|---|---|---|
r-devel-linux-x86_64-debian-clang | 3.1-4 | 12.65 | 88.72 | 101.37 | NOTE | |
r-devel-linux-x86_64-debian-gcc | 3.1-4 | 8.64 | 57.81 | 66.45 | NOTE | |
r-devel-linux-x86_64-fedora-clang | 3.1-4 | 161.27 | OK | |||
r-devel-linux-x86_64-fedora-gcc | 3.1-4 | 166.24 | OK | |||
r-devel-windows-x86_64 | 3.1-4 | 14.00 | 126.00 | 140.00 | NOTE | |
r-patched-linux-x86_64 | 3.1-4 | 12.85 | 83.25 | 96.10 | OK | |
r-release-linux-x86_64 | 3.1-4 | 11.39 | 83.39 | 94.78 | OK | |
r-release-macos-arm64 | 3.1-4 | 38.00 | OK | |||
r-release-macos-x86_64 | 3.1-4 | 62.00 | OK | |||
r-release-windows-x86_64 | 3.1-4 | 14.00 | 116.00 | 130.00 | OK | |
r-oldrel-macos-arm64 | 3.1-4 | 45.00 | OK | |||
r-oldrel-macos-x86_64 | 3.1-4 | 112.00 | OK | |||
r-oldrel-windows-x86_64 | 3.1-4 | 13.00 | 133.00 | 146.00 | OK |
Version: 3.1-4
Check: Rd cross-references
Result: NOTE
Found the following Rd file(s) with Rd \link{} targets missing package
anchors:
NBlevy.Rd: glm.nb
Please provide package anchors for all Rd \link{} targets not in the
package itself and the base packages.
Flavors: r-devel-linux-x86_64-debian-clang, r-devel-linux-x86_64-debian-gcc, r-devel-windows-x86_64