Last updated on 2025-10-21 09:48:44 CEST.
Flavor | Version | Tinstall | Tcheck | Ttotal | Status | Flags |
---|---|---|---|---|---|---|
r-devel-linux-x86_64-debian-clang | 0.6.2 | 13.02 | 130.34 | 143.36 | OK | |
r-devel-linux-x86_64-debian-gcc | 0.6.2 | 8.90 | 95.05 | 103.95 | NOTE | |
r-devel-linux-x86_64-fedora-clang | 0.6.2 | 219.97 | NOTE | |||
r-devel-linux-x86_64-fedora-gcc | 0.6.2 | 215.15 | NOTE | |||
r-devel-windows-x86_64 | 0.6.2 | 13.00 | 180.00 | 193.00 | OK | |
r-patched-linux-x86_64 | 0.6.2 | 11.68 | 122.45 | 134.13 | OK | |
r-release-linux-x86_64 | 0.6.2 | 11.37 | 123.62 | 134.99 | OK | |
r-release-macos-arm64 | 0.6.2 | 82.00 | OK | |||
r-release-macos-x86_64 | 0.6.2 | 153.00 | OK | |||
r-release-windows-x86_64 | 0.6.2 | 17.00 | 200.00 | 217.00 | OK | |
r-oldrel-macos-arm64 | 0.6.2 | 84.00 | OK | |||
r-oldrel-macos-x86_64 | 0.6.2 | 151.00 | OK | |||
r-oldrel-windows-x86_64 | 0.6.2 | 18.00 | 214.00 | 232.00 | OK |
Version: 0.6.2
Check: HTML version of manual
Result: NOTE
Found the following HTML validation problems:
ConnectionHandler.html:494:1 (ConnectionHandler.Rd:298): Warning: missing </ul> before </div>
ConnectionHandler.html:159:1 (ConnectionHandler.Rd:83): Warning: <h5> anchor "Usage" already defined
ConnectionHandler.html:175:1 (ConnectionHandler.Rd:93): Warning: <h5> anchor "Usage" already defined
ConnectionHandler.html:181:1 (ConnectionHandler.Rd:97): Warning: <h5> anchor "Arguments" already defined
ConnectionHandler.html:207:1 (ConnectionHandler.Rd:113): Warning: <h5> anchor "Usage" already defined
ConnectionHandler.html:213:1 (ConnectionHandler.Rd:117): Warning: <h5> anchor "Arguments" already defined
ConnectionHandler.html:240:1 (ConnectionHandler.Rd:134): Warning: <h5> anchor "Usage" already defined
ConnectionHandler.html:257:1 (ConnectionHandler.Rd:145): Warning: <h5> anchor "Usage" already defined
ConnectionHandler.html:274:1 (ConnectionHandler.Rd:156): Warning: <h5> anchor "Usage" already defined
ConnectionHandler.html:290:1 (ConnectionHandler.Rd:166): Warning: <h5> anchor "Usage" already defined
ConnectionHandler.html:307:1 (ConnectionHandler.Rd:177): Warning: <h5> anchor "Usage" already defined
ConnectionHandler.html:327:1 (ConnectionHandler.Rd:191): Warning: <h5> anchor "Usage" already defined
ConnectionHandler.html:338:1 (ConnectionHandler.Rd:200): Warning: <h5> anchor "Arguments" already defined
ConnectionHandler.html:368:1 (ConnectionHandler.Rd:220): Warning: <h5> anchor "Usage" already defined
ConnectionHandler.html:374:1 (ConnectionHandler.Rd:224): Warning: <h5> anchor "Arguments" already defined
ConnectionHandler.html:401:1 (ConnectionHandler.Rd:241): Warning: <h5> anchor "Usage" already defined
ConnectionHandler.html:411:1 (ConnectionHandler.Rd:249): Warning: <h5> anchor "Arguments" already defined
ConnectionHandler.html:440:1 (ConnectionHandler.Rd:268): Warning: <h5> anchor "Usage" already defined
ConnectionHandler.html:446:1 (ConnectionHandler.Rd:272): Warning: <h5> anchor "Arguments" already defined
ConnectionHandler.html:471:1 (ConnectionHandler.Rd:287): Warning: <h5> anchor "Usage" already defined
ConnectionHandler.html:477:1 (ConnectionHandler.Rd:291): Warning: <h5> anchor "Arguments" already defined
DataMigrationManager.html:161:1 (DataMigrationManager.Rd:94): Warning: <h5> anchor "Usage" already defined
DataMigrationManager.html:185:1 (DataMigrationManager.Rd:108): Warning: <h5> anchor "Usage" already defined
DataMigrationManager.html:191:1 (DataMigrationManager.Rd:112): Warning: <h5> anchor "Arguments" already defined
DataMigrationManager.html:215:1 (DataMigrationManager.Rd:126): Warning: <h5> anchor "Usage" already defined
DataMigrationManager.html:231:1 (DataMigrationManager.Rd:136): Warning: <h5> anchor "Usage" already defined
DataMigrationManager.html:237:1 (DataMigrationManager.Rd:140): Warning: <h5> anchor "Returns" already defined
DataMigrationManager.html:256:1 (DataMigrationManager.Rd:151): Warning: <h5> anchor "Usage" already defined
DataMigrationManager.html:272:1 (DataMigrationManager.Rd:161): Warning: <h5> anchor "Usage" already defined
DataMigrationManager.html:278:1 (DataMigrationManager.Rd:165): Warning: <h5> anchor "Arguments" already defined
DataMigrationManager.html:303:1 (DataMigrationManager.Rd:180): Warning: <h5> anchor "Usage" already defined
DataMigrationManager.html:320:1 (DataMigrationManager.Rd:191): Warning: <h5> anchor "Usage" already defined
DataMigrationManager.html:336:1 (DataMigrationManager.Rd:201): Warning: <h5> anchor "Usage" already defined
DataMigrationManager.html:352:1 (DataMigrationManager.Rd:211): Warning: <h5> anchor "Usage" already defined
DataMigrationManager.html:358:1 (DataMigrationManager.Rd:215): Warning: <h5> anchor "Arguments" already defined
PooledConnectionHandler.html:432:1 (PooledConnectionHandler.Rd:263): Warning: missing </ul> before </div>
PooledConnectionHandler.html:149:1 (PooledConnectionHandler.Rd:81): Warning: <h5> anchor "Usage" already defined
PooledConnectionHandler.html:163:1 (PooledConnectionHandler.Rd:90): Warning: <h5> anchor "Usage" already defined
PooledConnectionHandler.html:169:1 (PooledConnectionHandler.Rd:94): Warning: <h5> anchor "Arguments" already defined
PooledConnectionHandler.html:199:1 (PooledConnectionHandler.Rd:114): Warning: <h5> anchor "Usage" already defined
PooledConnectionHandler.html:205:1 (PooledConnectionHandler.Rd:118): Warning: <h5> anchor "Arguments" already defined
PooledConnectionHandler.html:230:1 (PooledConnectionHandler.Rd:133): Warning: <h5> anchor "Usage" already defined
PooledConnectionHandler.html:247:1 (PooledConnectionHandler.Rd:144): Warning: <h5> anchor "Usage" already defined
PooledConnectionHandler.html:267:1 (PooledConnectionHandler.Rd:158): Warning: <h5> anchor "Usage" already defined
PooledConnectionHandler.html:278:1 (PooledConnectionHandler.Rd:167): Warning: <h5> anchor "Arguments" already defined
PooledConnectionHandler.html:308:1 (PooledConnectionHandler.Rd:187): Warning: <h5> anchor "Usage" already defined
PooledConnectionHandler.html:314:1 (PooledConnectionHandler.Rd:191): Warning: <h5> anchor "Arguments" already defined
PooledConnectionHandler.html:340:1 (PooledConnectionHandler.Rd:207): Warning: <h5> anchor "Usage" already defined
PooledConnectionHandler.html:350:1 (PooledConnectionHandler.Rd:215): Warning: <h5> anchor "Arguments" already defined
PooledConnectionHandler.html:378:1 (PooledConnectionHandler.Rd:233): Warning: <h5> anchor "Usage" already defined
PooledConnectionHandler.html:384:1 (PooledConnectionHandler.Rd:237): Warning: <h5> anchor "Arguments" already defined
PooledConnectionHandler.html:409:1 (PooledConnectionHandler.Rd:252): Warning: <h5> anchor "Usage" already defined
PooledConnectionHandler.html:415:1 (PooledConnectionHandler.Rd:256): Warning: <h5> anchor "Arguments" already defined
QueryNamespace.html:136:1 (QueryNamespace.Rd:120): Warning: <h5> anchor "Usage" already defined
QueryNamespace.html:142:1 (QueryNamespace.Rd:124): Warning: <h5> anchor "Arguments" already defined
QueryNamespace.html:166:1 (QueryNamespace.Rd:138): Warning: <h5> anchor "Usage" already defined
QueryNamespace.html:182:1 (QueryNamespace.Rd:148): Warning: <h5> anchor "Usage" already defined
QueryNamespace.html:188:1 (QueryNamespace.Rd:152): Warning: <h5> anchor "Arguments" already defined
QueryNamespace.html:217:1 (QueryNamespace.Rd:171): Warning: <h5> anchor "Usage" already defined
QueryNamespace.html:228:1 (QueryNamespace.Rd:180): Warning: <h5> anchor "Arguments" already defined
QueryNamespace.html:258:1 (QueryNamespace.Rd:200): Warning: <h5> anchor "Usage" already defined
QueryNamespace.html:264:1 (QueryNamespace.Rd:204): Warning: <h5> anchor "Arguments" already defined
QueryNamespace.html:290:1 (QueryNamespace.Rd:220): Warning: <h5> anchor "Usage" already defined
QueryNamespace.html:296:1 (QueryNamespace.Rd:224): Warning: <h5> anchor "Arguments" already defined
QueryNamespace.html:322:1 (QueryNamespace.Rd:240): Warning: <h5> anchor "Usage" already defined
QueryNamespace.html:328:1 (QueryNamespace.Rd:244): Warning: <h5> anchor "Arguments" already defined
QueryNamespace.html:355:1 (QueryNamespace.Rd:261): Warning: <h5> anchor "Usage" already defined
QueryNamespace.html:371:1 (QueryNamespace.Rd:271): Warning: <h5> anchor "Usage" already defined
QueryNamespace.html:387:1 (QueryNamespace.Rd:281): Warning: <h5> anchor "Usage" already defined
QueryNamespace.html:393:1 (QueryNamespace.Rd:285): Warning: <h5> anchor "Arguments" already defined
ResultExportManager.html:488:1 (ResultExportManager.Rd:307): Warning: missing </ul> before </div>
ResultExportManager.html:150:1 (ResultExportManager.Rd:82): Warning: <h5> anchor "Usage" already defined
ResultExportManager.html:156:1 (ResultExportManager.Rd:86): Warning: <h5> anchor "Arguments" already defined
ResultExportManager.html:180:1 (ResultExportManager.Rd:100): Warning: <h5> anchor "Usage" already defined
ResultExportManager.html:186:1 (ResultExportManager.Rd:104): Warning: <h5> anchor "Arguments" already defined
ResultExportManager.html:212:1 (ResultExportManager.Rd:120): Warning: <h5> anchor "Usage" already defined
ResultExportManager.html:218:1 (ResultExportManager.Rd:124): Warning: <h5> anchor "Arguments" already defined
ResultExportManager.html:245:1 (ResultExportManager.Rd:141): Warning: <h5> anchor "Usage" already defined
ResultExportManager.html:264:1 (ResultExportManager.Rd:154): Warning: <h5> anchor "Usage" already defined
ResultExportManager.html:274:1 (ResultExportManager.Rd:162): Warning: <h5> anchor "Arguments" already defined
ResultExportManager.html:304:1 (ResultExportManager.Rd:182): Warning: <h5> anchor "Usage" already defined
ResultExportManager.html:310:1 (ResultExportManager.Rd:186): Warning: <h5> anchor "Arguments" already defined
ResultExportManager.html:340:1 (ResultExportManager.Rd:206): Warning: <h5> anchor "Usage" already defined
ResultExportManager.html:354:1 (ResultExportManager.Rd:218): Warning: <h5> anchor "Arguments" already defined
ResultExportManager.html:395:1 (ResultExportManager.Rd:250): Warning: <h5> anchor "Usage" already defined
ResultExportManager.html:406:1 (ResultExportManager.Rd:259): Warning: <h5> anchor "Arguments" already defined
ResultExportManager.html:436:1 (ResultExportManager.Rd:279): Warning: <h5> anchor "Usage" already defined
ResultExportManager.html:442:1 (ResultExportManager.Rd:283): Warning: <h5> anchor "Arguments" already defined
ResultExportManager.html:465:1 (ResultExportManager.Rd:296): Warning: <h5> anchor "Usage" already defined
ResultExportManager.html:471:1 (ResultExportManager.Rd:300): Warning: <h5> anchor "Arguments" already defined
createQueryNamespace.html:90:1 (createQueryNamespace.Rd:37): Warning: missing </ul> before </div>
createResultExportManager.html:73:1 (createResultExportManager.Rd:22): Warning: missing </ul> before </div>
enablePythonUploads.html:46:1 (enablePythonUploads.Rd:10): Warning: missing </ul> before </div>
generateSqlSchema.html:66:1 (generateSqlSchema.Rd:23): Warning: missing </ul> before </div>
grantTablePermissions.html:84:1 (grantTablePermissions.Rd:32): Warning: missing </ul> before </div>
install_psycopg2.html:58:1 (install_psycopg2.Rd:18): Warning: missing </ul> before </div>
unzipResults.html:54:1 (unzipResults.Rd:14): Warning: missing </ul> before </div>
uploadResults.html:125:1 (uploadResults.Rd:62): Warning: missing </ul> before </div>
Flavor: r-devel-linux-x86_64-debian-gcc
Version: 0.6.2
Check: dependencies in R code
Result: NOTE
Namespaces in Imports field not imported from:
‘DBI’ ‘dbplyr’ ‘fastmap’ ‘pool’ ‘withr’
All declared Imports should be used.
Flavors: r-devel-linux-x86_64-fedora-clang, r-devel-linux-x86_64-fedora-gcc