Last updated on 2024-09-06 09:49:30 CEST.
Flavor | Version | Tinstall | Tcheck | Ttotal | Status | Flags |
---|---|---|---|---|---|---|
r-devel-linux-x86_64-debian-clang | 1.2.0 | 2.79 | 28.63 | 31.42 | OK | |
r-devel-linux-x86_64-debian-gcc | 1.2.0 | 1.87 | 20.85 | 22.72 | OK | |
r-devel-linux-x86_64-fedora-clang | 1.2.0 | 52.23 | NOTE | |||
r-devel-linux-x86_64-fedora-gcc | 1.2.0 | 51.69 | NOTE | |||
r-devel-windows-x86_64 | 1.2.0 | 4.00 | 68.00 | 72.00 | OK | |
r-patched-linux-x86_64 | 1.2.0 | 3.01 | 26.97 | 29.98 | OK | |
r-release-linux-x86_64 | 1.2.0 | 2.39 | 27.74 | 30.13 | OK | |
r-release-macos-arm64 | 1.2.0 | 17.00 | OK | |||
r-release-macos-x86_64 | 1.2.0 | 28.00 | OK | |||
r-release-windows-x86_64 | 1.2.0 | 3.00 | 52.00 | 55.00 | OK | |
r-oldrel-macos-arm64 | 1.2.0 | 19.00 | OK | |||
r-oldrel-macos-x86_64 | 1.2.0 | 26.00 | OK | |||
r-oldrel-windows-x86_64 | 1.2.0 | 5.00 | 55.00 | 60.00 | OK |
Version: 1.2.0
Check: dependencies in R code
Result: NOTE
Namespace in Imports field not imported from: ‘base’
All declared Imports should be used.
Flavors: r-devel-linux-x86_64-fedora-clang, r-devel-linux-x86_64-fedora-gcc