Last updated on 2025-05-28 09:53:10 CEST.
Flavor | Version | Tinstall | Tcheck | Ttotal | Status | Flags |
---|---|---|---|---|---|---|
r-devel-linux-x86_64-debian-clang | 0.2 | 3.98 | 33.61 | 37.59 | NOTE | |
r-devel-linux-x86_64-debian-gcc | 0.2 | 2.53 | 25.69 | 28.22 | NOTE | |
r-devel-linux-x86_64-fedora-clang | 0.2 | 60.20 | OK | |||
r-devel-linux-x86_64-fedora-gcc | 0.2 | 59.15 | OK | |||
r-devel-windows-x86_64 | 0.2 | 5.00 | 57.00 | 62.00 | OK | |
r-patched-linux-x86_64 | 0.2 | 3.28 | 32.44 | 35.72 | OK | |
r-release-linux-x86_64 | 0.2 | 3.79 | 32.09 | 35.88 | OK | |
r-release-macos-arm64 | 0.2 | 29.00 | OK | |||
r-release-macos-x86_64 | 0.2 | 40.00 | OK | |||
r-release-windows-x86_64 | 0.2 | 6.00 | 58.00 | 64.00 | OK | |
r-oldrel-macos-arm64 | 0.2 | 24.00 | NOTE | |||
r-oldrel-macos-x86_64 | 0.2 | 33.00 | NOTE | |||
r-oldrel-windows-x86_64 | 0.2 | 6.00 | 74.00 | 80.00 | NOTE |
Version: 0.2
Check: CRAN incoming feasibility
Result: NOTE
Maintainer: ‘Michael Piccirilli <michael.r.piccirilli@gmail.com>’
No Authors@R field in DESCRIPTION.
Please add one, modifying
Authors@R: person(given = "Michael",
family = "Piccirilli",
role = c("aut", "cre"),
email = "michael.r.piccirilli@gmail.com")
as necessary.
Flavors: r-devel-linux-x86_64-debian-clang, r-devel-linux-x86_64-debian-gcc
Version: 0.2
Check: LazyData
Result: NOTE
'LazyData' is specified without a 'data' directory
Flavors: r-oldrel-macos-arm64, r-oldrel-macos-x86_64, r-oldrel-windows-x86_64