Last updated on 2025-11-13 09:51:01 CET.
| Flavor | Version | Tinstall | Tcheck | Ttotal | Status | Flags |
|---|---|---|---|---|---|---|
| r-devel-linux-x86_64-debian-clang | 0.0.1 | 81.33 | 38.78 | 120.11 | OK | |
| r-devel-linux-x86_64-debian-gcc | 0.0.1 | 62.79 | 29.38 | 92.17 | OK | |
| r-devel-linux-x86_64-fedora-clang | 0.0.1 | 151.00 | 65.85 | 216.85 | OK | |
| r-devel-linux-x86_64-fedora-gcc | 0.0.1 | 168.00 | 60.79 | 228.79 | OK | |
| r-devel-windows-x86_64 | 0.0.1 | 92.00 | 86.00 | 178.00 | OK | |
| r-patched-linux-x86_64 | 0.0.1 | 94.04 | 37.00 | 131.04 | OK | |
| r-release-linux-x86_64 | 0.0.1 | 92.50 | 37.24 | 129.74 | OK | |
| r-release-macos-arm64 | 0.0.1 | 30.00 | 19.00 | 49.00 | OK | |
| r-release-macos-x86_64 | 0.0.1 | 44.00 | 46.00 | 90.00 | OK | |
| r-release-windows-x86_64 | 0.0.1 | 90.00 | 86.00 | 176.00 | OK | |
| r-oldrel-macos-arm64 | 0.0.1 | 30.00 | 25.00 | 55.00 | NOTE | |
| r-oldrel-macos-x86_64 | 0.0.1 | 40.00 | 37.00 | 77.00 | NOTE | |
| r-oldrel-windows-x86_64 | 0.0.1 | 113.00 | 98.00 | 211.00 | OK |
Version: 0.0.1
Check: installed package size
Result: NOTE
installed size is 7.5Mb
sub-directories of 1Mb or more:
libs 7.3Mb
Flavors: r-oldrel-macos-arm64, r-oldrel-macos-x86_64