Last updated on 2025-11-25 09:50:22 CET.
| Flavor | Version | Tinstall | Tcheck | Ttotal | Status | Flags |
|---|---|---|---|---|---|---|
| r-devel-linux-x86_64-debian-clang | 0.3.0 | 1.72 | 19.81 | 21.53 | NOTE | |
| r-devel-linux-x86_64-debian-gcc | 0.3.0 | 1.30 | 16.71 | 18.01 | NOTE | |
| r-devel-linux-x86_64-fedora-clang | 0.3.0 | 32.16 | OK | |||
| r-devel-linux-x86_64-fedora-gcc | 0.3.0 | 31.59 | OK | |||
| r-devel-windows-x86_64 | 0.3.0 | 4.00 | 37.00 | 41.00 | OK | |
| r-patched-linux-x86_64 | 0.3.0 | 1.57 | 18.71 | 20.28 | OK | |
| r-release-linux-x86_64 | 0.3.0 | 1.69 | 18.58 | 20.27 | OK | |
| r-release-macos-arm64 | 0.3.0 | OK | ||||
| r-release-macos-x86_64 | 0.3.0 | 2.00 | 27.00 | 29.00 | OK | |
| r-release-windows-x86_64 | 0.3.0 | 3.00 | 45.00 | 48.00 | OK | |
| r-oldrel-macos-arm64 | 0.3.0 | OK | ||||
| r-oldrel-macos-x86_64 | 0.3.0 | 2.00 | 21.00 | 23.00 | OK | |
| r-oldrel-windows-x86_64 | 0.3.0 | 4.00 | 41.00 | 45.00 | OK |
Version: 0.3.0
Check: CRAN incoming feasibility
Result: NOTE
Maintainer: ‘Jiayi Ji <Jiayi.Ji@mountsinai.org>’
The Description field contains
cancer data <arXiv:2012.06093>.
Please refer to arXiv e-prints via their arXiv DOI <doi:10.48550/arXiv.YYMM.NNNNN>.
Flavors: r-devel-linux-x86_64-debian-clang, r-devel-linux-x86_64-debian-gcc