Last updated on 2024-09-06 09:49:31 CEST.
Flavor | Version | Tinstall | Tcheck | Ttotal | Status | Flags |
---|---|---|---|---|---|---|
r-devel-linux-x86_64-debian-clang | 0.1.1 | 110.51 | 37.74 | 148.25 | OK | |
r-devel-linux-x86_64-debian-gcc | 0.1.1 | 75.91 | 27.96 | 103.87 | OK | |
r-devel-linux-x86_64-fedora-clang | 0.1.1 | 298.41 | OK | |||
r-devel-linux-x86_64-fedora-gcc | 0.1.1 | 310.99 | OK | |||
r-devel-windows-x86_64 | 0.1.1 | 124.00 | 90.00 | 214.00 | OK | |
r-patched-linux-x86_64 | 0.1.1 | 111.72 | 36.27 | 147.99 | OK | |
r-release-linux-x86_64 | 0.1.1 | 108.42 | 35.84 | 144.26 | OK | |
r-release-macos-arm64 | 0.1.1 | 63.00 | NOTE | |||
r-release-macos-x86_64 | 0.1.1 | 76.00 | NOTE | |||
r-release-windows-x86_64 | 0.1.1 | 118.00 | 83.00 | 201.00 | OK | |
r-oldrel-macos-arm64 | 0.1.1 | 67.00 | NOTE | |||
r-oldrel-macos-x86_64 | 0.1.1 | 86.00 | NOTE | |||
r-oldrel-windows-x86_64 | 0.1.1 | 144.00 | 96.00 | 240.00 | OK |
Version: 0.1.1
Check: installed package size
Result: NOTE
installed size is 5.3Mb
sub-directories of 1Mb or more:
libs 5.0Mb
Flavors: r-release-macos-arm64, r-release-macos-x86_64, r-oldrel-macos-arm64, r-oldrel-macos-x86_64