Last updated on 2025-10-24 09:50:17 CEST.
| Flavor | Version | Tinstall | Tcheck | Ttotal | Status | Flags |
|---|---|---|---|---|---|---|
| r-devel-linux-x86_64-debian-clang | 1.1.2 | 2.04 | 27.24 | 29.28 | NOTE | |
| r-devel-linux-x86_64-debian-gcc | 1.1.2 | 1.83 | 21.08 | 22.91 | NOTE | |
| r-devel-linux-x86_64-fedora-clang | 1.1.2 | 16.00 | 31.48 | 47.48 | OK | |
| r-devel-linux-x86_64-fedora-gcc | 1.1.2 | 43.50 | OK | |||
| r-devel-windows-x86_64 | 1.1.2 | 3.00 | 44.00 | 47.00 | OK | |
| r-patched-linux-x86_64 | 1.1.2 | 2.49 | 24.73 | 27.22 | OK | |
| r-release-linux-x86_64 | 1.1.2 | 2.42 | 24.64 | 27.06 | OK | |
| r-release-macos-arm64 | 1.1.2 | 1.00 | 17.00 | 18.00 | OK | |
| r-release-macos-x86_64 | 1.1.2 | 2.00 | 24.00 | 26.00 | OK | |
| r-release-windows-x86_64 | 1.1.2 | 4.00 | 45.00 | 49.00 | OK | |
| r-oldrel-macos-arm64 | 1.1.2 | 1.00 | 16.00 | 17.00 | OK | |
| r-oldrel-macos-x86_64 | 1.1.2 | 2.00 | 22.00 | 24.00 | OK | |
| r-oldrel-windows-x86_64 | 1.1.2 | 4.00 | 54.00 | 58.00 | OK |
Version: 1.1.2
Check: CRAN incoming feasibility
Result: NOTE
Maintainer: ‘Debsurya De <debsurya001@gmail.com>’
The Description field contains
<arXiv:1909.04024> .
Please refer to arXiv e-prints via their arXiv DOI <doi:10.48550/arXiv.YYMM.NNNNN>.
Flavors: r-devel-linux-x86_64-debian-clang, r-devel-linux-x86_64-debian-gcc