Last updated on 2024-09-08 09:48:30 CEST.
Flavor | Version | Tinstall | Tcheck | Ttotal | Status | Flags |
---|---|---|---|---|---|---|
r-devel-linux-x86_64-debian-clang | 1.0 | 1.75 | 25.67 | 27.42 | OK | |
r-devel-linux-x86_64-debian-gcc | 1.0 | 1.49 | 19.25 | 20.74 | OK | |
r-devel-linux-x86_64-fedora-clang | 1.0 | 44.06 | NOTE | |||
r-devel-linux-x86_64-fedora-gcc | 1.0 | 41.77 | OK | |||
r-devel-windows-x86_64 | 1.0 | 3.00 | 52.00 | 55.00 | OK | |
r-patched-linux-x86_64 | 1.0 | 1.70 | 24.55 | 26.25 | OK | |
r-release-linux-x86_64 | 1.0 | 1.74 | 24.58 | 26.32 | OK | |
r-release-macos-arm64 | 1.0 | 17.00 | OK | |||
r-release-macos-x86_64 | 1.0 | 24.00 | OK | |||
r-release-windows-x86_64 | 1.0 | 3.00 | 46.00 | 49.00 | OK | |
r-oldrel-macos-arm64 | 1.0 | 16.00 | OK | |||
r-oldrel-macos-x86_64 | 1.0 | 24.00 | OK | |||
r-oldrel-windows-x86_64 | 1.0 | 3.00 | 50.00 | 53.00 | OK |
Version: 1.0
Check: Rd cross-references
Result: NOTE
Undeclared packages ‘EDNE.EQ’, ‘T2EQ’ in Rd xrefs
Flavor: r-devel-linux-x86_64-fedora-clang