Last updated on 2025-11-22 09:50:06 CET.
| Flavor | Version | Tinstall | Tcheck | Ttotal | Status | Flags |
|---|---|---|---|---|---|---|
| r-devel-linux-x86_64-debian-clang | 1.1.3 | 1.96 | 35.25 | 37.21 | NOTE | |
| r-devel-linux-x86_64-debian-gcc | 1.1.3 | 1.54 | 27.07 | 28.61 | NOTE | |
| r-devel-linux-x86_64-fedora-clang | 1.1.3 | 59.98 | NOTE | |||
| r-devel-windows-x86_64 | 1.1.3 | 3.00 | 51.00 | 54.00 | NOTE | |
| r-patched-linux-x86_64 | 1.1.3 | 2.04 | 34.13 | 36.17 | NOTE | |
| r-release-linux-x86_64 | 1.1.3 | 2.01 | 33.93 | 35.94 | NOTE | |
| r-release-macos-arm64 | 1.1.3 | NOTE | ||||
| r-release-macos-x86_64 | 1.1.3 | 2.00 | 46.00 | 48.00 | NOTE | |
| r-release-windows-x86_64 | 1.1.3 | 4.00 | 49.00 | 53.00 | NOTE | |
| r-oldrel-macos-arm64 | 1.1.3 | NOTE | ||||
| r-oldrel-macos-x86_64 | 1.1.3 | 2.00 | 36.00 | 38.00 | NOTE | |
| r-oldrel-windows-x86_64 | 1.1.3 | 3.00 | 59.00 | 62.00 | NOTE |
Version: 1.1.3
Check: CRAN incoming feasibility
Result: NOTE
Maintainer: ‘Jinhua Su <944866518@qq.com>’
The Description field contains
method<arXiv:2108.07928> is an improved method of two-step NR iteration
Please refer to arXiv e-prints via their arXiv DOI <doi:10.48550/arXiv.YYMM.NNNNN>.
Flavors: r-devel-linux-x86_64-debian-clang, r-devel-linux-x86_64-debian-gcc
Version: 1.1.3
Check: package subdirectories
Result: NOTE
Problems with news in ‘NEWS.md’:
No news entries found.
Flavors: r-devel-linux-x86_64-debian-clang, r-devel-linux-x86_64-debian-gcc, r-devel-linux-x86_64-fedora-clang, r-devel-windows-x86_64, r-patched-linux-x86_64, r-release-linux-x86_64, r-release-macos-arm64, r-release-macos-x86_64, r-release-windows-x86_64, r-oldrel-macos-arm64, r-oldrel-macos-x86_64, r-oldrel-windows-x86_64