Last updated on 2024-07-08 09:49:09 CEST.
Flavor | Version | Tinstall | Tcheck | Ttotal | Status | Flags |
---|---|---|---|---|---|---|
r-devel-linux-x86_64-debian-clang | 1.0.0 | 3.96 | 39.89 | 43.85 | NOTE | |
r-devel-linux-x86_64-debian-gcc | 1.0.0 | 3.34 | 29.71 | 33.05 | NOTE | |
r-devel-linux-x86_64-fedora-clang | 1.0.0 | 53.99 | NOTE | |||
r-devel-linux-x86_64-fedora-gcc | 1.0.0 | 52.66 | NOTE | |||
r-devel-windows-x86_64 | 1.0.0 | 5.00 | 52.00 | 57.00 | NOTE | |
r-patched-linux-x86_64 | 1.0.0 | 3.95 | 37.49 | 41.44 | NOTE | |
r-release-linux-x86_64 | 1.0.0 | 3.04 | 37.74 | 40.78 | NOTE | |
r-release-macos-arm64 | 1.0.0 | 22.00 | NOTE | |||
r-release-macos-x86_64 | 1.0.0 | 28.00 | NOTE | |||
r-release-windows-x86_64 | 1.0.0 | 5.00 | 52.00 | 57.00 | NOTE | |
r-oldrel-macos-arm64 | 1.0.0 | 23.00 | OK | |||
r-oldrel-macos-x86_64 | 1.0.0 | 29.00 | OK | |||
r-oldrel-windows-x86_64 | 1.0.0 | 6.00 | 58.00 | 64.00 | OK |
Version: 1.0.0
Check: Rd files
Result: NOTE
checkRd: (-1) make_one_dataset.Rd:67: Lost braces; missing escapes or markup?
67 | \code{within.SD} to be extremely small (e.g., $1 * 10^{-7}$) and all corresponding correlations in matrix
| ^
Flavors: r-devel-linux-x86_64-debian-clang, r-devel-linux-x86_64-debian-gcc, r-devel-linux-x86_64-fedora-clang, r-devel-linux-x86_64-fedora-gcc, r-devel-windows-x86_64, r-patched-linux-x86_64, r-release-linux-x86_64, r-release-macos-arm64, r-release-macos-x86_64, r-release-windows-x86_64
Version: 1.0.0
Check: dependencies in R code
Result: NOTE
Namespace in Imports field not imported from: ‘metafor’
All declared Imports should be used.
Flavors: r-devel-linux-x86_64-fedora-clang, r-devel-linux-x86_64-fedora-gcc