Last updated on 2025-10-30 08:51:29 CET.
| Flavor | Version | Tinstall | Tcheck | Ttotal | Status | Flags | 
|---|---|---|---|---|---|---|
| r-devel-linux-x86_64-debian-clang | 1.2.0 | 583.46 | 215.29 | 798.75 | OK | |
| r-devel-linux-x86_64-debian-gcc | 1.2.0 | 484.29 | 194.80 | 679.09 | OK | |
| r-devel-linux-x86_64-fedora-clang | 1.2.0 | 2820.00 | -1489.68 | 1330.32 | NOTE | |
| r-devel-linux-x86_64-fedora-gcc | 1.2.0 | 1620.00 | 16.85 | 1636.85 | NOTE | |
| r-devel-windows-x86_64 | 1.2.0 | 642.00 | 265.00 | 907.00 | OK | |
| r-patched-linux-x86_64 | 1.2.0 | 659.45 | 264.71 | 924.16 | OK | |
| r-release-linux-x86_64 | 1.2.0 | 656.79 | 262.88 | 919.67 | OK | |
| r-release-macos-arm64 | 1.2.0 | 232.00 | 77.00 | 309.00 | OK | |
| r-release-macos-x86_64 | 1.2.0 | 180.00 | 148.00 | 328.00 | OK | |
| r-release-windows-x86_64 | 1.2.0 | 618.00 | 267.00 | 885.00 | OK | |
| r-oldrel-macos-arm64 | 1.2.0 | 121.00 | 50.00 | 171.00 | NOTE | |
| r-oldrel-macos-x86_64 | 1.2.0 | 81.00 | 88.00 | 169.00 | NOTE | |
| r-oldrel-windows-x86_64 | 1.2.0 | 697.00 | 335.00 | 1032.00 | NOTE | 
Version: 1.2.0
Check: dependencies in R code
Result: NOTE
  Namespaces in Imports field not imported from:
    ‘RcppParallel’ ‘httr’ ‘latex2exp’ ‘rstantools’ ‘tibble’ ‘tidyverse’
    ‘utils’
    All declared Imports should be used.
Flavors: r-devel-linux-x86_64-fedora-clang, r-devel-linux-x86_64-fedora-gcc
Version: 1.2.0
Check: installed package size
Result: NOTE
    installed size is 100.9Mb
    sub-directories of 1Mb or more:
      libs  100.1Mb
Flavors: r-oldrel-macos-arm64, r-oldrel-macos-x86_64, r-oldrel-windows-x86_64
Version: 1.2.0
Check: for GNU extensions in Makefiles
Result: NOTE
  GNU make is a SystemRequirements.
Flavors: r-oldrel-macos-arm64, r-oldrel-macos-x86_64, r-oldrel-windows-x86_64