Last updated on 2024-07-08 09:49:10 CEST.
Flavor | Version | Tinstall | Tcheck | Ttotal | Status | Flags |
---|---|---|---|---|---|---|
r-devel-linux-x86_64-debian-clang | 0.1.0 | 14.14 | 143.10 | 157.24 | OK | |
r-devel-linux-x86_64-debian-gcc | 0.1.0 | 14.51 | 107.62 | 122.13 | OK | |
r-devel-linux-x86_64-fedora-clang | 0.1.0 | 202.84 | NOTE | |||
r-devel-linux-x86_64-fedora-gcc | 0.1.0 | 193.98 | NOTE | |||
r-devel-windows-x86_64 | 0.1.0 | 14.00 | 121.00 | 135.00 | OK | |
r-patched-linux-x86_64 | 0.1.0 | 15.15 | 137.75 | 152.90 | OK | |
r-release-linux-x86_64 | 0.1.0 | 11.55 | 135.21 | 146.76 | OK | |
r-release-macos-arm64 | 0.1.0 | 52.00 | OK | |||
r-release-macos-x86_64 | 0.1.0 | 79.00 | OK | |||
r-release-windows-x86_64 | 0.1.0 | 14.00 | 120.00 | 134.00 | OK | |
r-oldrel-macos-arm64 | 0.1.0 | 61.00 | OK | |||
r-oldrel-macos-x86_64 | 0.1.0 | 95.00 | OK | |||
r-oldrel-windows-x86_64 | 0.1.0 | 20.00 | 153.00 | 173.00 | OK |
Version: 0.1.0
Check: dependencies in R code
Result: NOTE
Namespaces in Imports field not imported from:
‘broom’ ‘car’ ‘lmerTest’ ‘pbkrtest’
All declared Imports should be used.
Flavors: r-devel-linux-x86_64-fedora-clang, r-devel-linux-x86_64-fedora-gcc