Last updated on 2025-05-22 09:51:56 CEST.
Flavor | Version | Tinstall | Tcheck | Ttotal | Status | Flags |
---|---|---|---|---|---|---|
r-devel-linux-x86_64-debian-clang | 1.0.0 | 3.59 | 296.79 | 300.38 | OK | |
r-devel-linux-x86_64-debian-gcc | 1.0.0 | 3.12 | 178.71 | 181.83 | OK | |
r-devel-linux-x86_64-fedora-clang | FAIL | |||||
r-devel-linux-x86_64-fedora-gcc | 1.0.0 | 499.10 | OK | |||
r-devel-windows-x86_64 | 1.0.0 | 7.00 | 295.00 | 302.00 | OK | |
r-patched-linux-x86_64 | 1.0.0 | 4.60 | 277.19 | 281.79 | OK | |
r-release-linux-x86_64 | 1.0.0 | 4.20 | 279.99 | 284.19 | OK | |
r-release-macos-arm64 | 1.0.0 | 143.00 | OK | |||
r-release-macos-x86_64 | 1.0.0 | 269.00 | OK | |||
r-release-windows-x86_64 | 1.0.0 | 6.00 | 356.00 | 362.00 | OK | |
r-oldrel-macos-arm64 | 1.0.0 | 121.00 | OK | |||
r-oldrel-macos-x86_64 | 1.0.0 | 280.00 | OK | |||
r-oldrel-windows-x86_64 | 1.0.0 | 8.00 | 425.00 | 433.00 | OK |
Version: 1.0.0
Check: re-building of vignette outputs
Result: FAIL
Flavor: r-devel-linux-x86_64-fedora-clang