Last updated on 2025-11-27 09:49:54 CET.
| Flavor | Version | Tinstall | Tcheck | Ttotal | Status | Flags |
|---|---|---|---|---|---|---|
| r-devel-linux-x86_64-debian-clang | 1.0.2 | 28.55 | 66.52 | 95.07 | NOTE | |
| r-devel-linux-x86_64-debian-gcc | 1.0.2 | 21.95 | 51.01 | 72.96 | NOTE | |
| r-devel-linux-x86_64-fedora-clang | 1.0.2 | 57.00 | 95.45 | 152.45 | NOTE | |
| r-devel-linux-x86_64-fedora-gcc | 1.0.2 | 66.00 | 106.63 | 172.63 | NOTE | |
| r-devel-windows-x86_64 | 1.0.2 | 42.00 | 116.00 | 158.00 | NOTE | |
| r-patched-linux-x86_64 | 1.0.2 | 30.90 | 67.50 | 98.40 | NOTE | |
| r-release-linux-x86_64 | 1.0.2 | 30.03 | 67.09 | 97.12 | NOTE | |
| r-release-macos-arm64 | 1.0.2 | NOTE | ||||
| r-release-macos-x86_64 | 1.0.2 | 27.00 | 80.00 | 107.00 | NOTE | |
| r-release-windows-x86_64 | 1.0.2 | 35.00 | 186.00 | 221.00 | NOTE | |
| r-oldrel-macos-arm64 | 1.0.2 | NOTE | ||||
| r-oldrel-macos-x86_64 | 1.0.2 | 25.00 | 88.00 | 113.00 | NOTE | |
| r-oldrel-windows-x86_64 | 1.0.2 | 43.00 | 139.00 | 182.00 | NOTE |
Version: 1.0.2
Check: CRAN incoming feasibility
Result: NOTE
Maintainer: ‘Martin R. Smith <martin.smith@durham.ac.uk>’
Package CITATION file contains call(s) to old-style personList() or
as.personList(). Please use c() on person objects instead.
Package CITATION file contains call(s) to old-style citEntry(). Please
use bibentry() instead.
The Description field contains
using the algorithms of Whidden and Matsen (2017) <arxiv:1511.07529>.
Please refer to arXiv e-prints via their arXiv DOI <doi:10.48550/arXiv.YYMM.NNNNN>.
Flavors: r-devel-linux-x86_64-debian-clang, r-devel-linux-x86_64-debian-gcc
Version: 1.0.2
Check: C++ specification
Result: NOTE
Specified C++11: please drop specification unless essential
Flavors: r-devel-linux-x86_64-debian-clang, r-devel-linux-x86_64-debian-gcc, r-devel-windows-x86_64, r-patched-linux-x86_64, r-release-linux-x86_64, r-release-macos-arm64, r-release-macos-x86_64, r-release-windows-x86_64, r-oldrel-macos-arm64, r-oldrel-macos-x86_64, r-oldrel-windows-x86_64
Version: 1.0.2
Check: C++ specification
Result: NOTE
Specified C++11: support will be removed soon
Flavors: r-devel-linux-x86_64-fedora-clang, r-devel-linux-x86_64-fedora-gcc
Version: 1.0.2
Check: LazyData
Result: NOTE
'LazyData' is specified without a 'data' directory
Flavors: r-oldrel-macos-arm64, r-oldrel-macos-x86_64, r-oldrel-windows-x86_64