Last updated on 2025-10-24 09:50:20 CEST.
| Flavor | Version | Tinstall | Tcheck | Ttotal | Status | Flags |
|---|---|---|---|---|---|---|
| r-devel-linux-x86_64-debian-clang | 0.1.41 | 138.30 | 32.20 | 170.50 | OK | |
| r-devel-linux-x86_64-debian-gcc | 0.1.41 | 80.91 | 25.96 | 106.87 | OK | |
| r-devel-linux-x86_64-fedora-clang | 0.1.41 | 160.00 | 193.11 | 353.11 | OK | |
| r-devel-linux-x86_64-fedora-gcc | 0.1.41 | 189.00 | 122.38 | 311.38 | OK | |
| r-devel-windows-x86_64 | 0.1.41 | 158.00 | 71.00 | 229.00 | OK | |
| r-patched-linux-x86_64 | 0.1.41 | 133.21 | 29.87 | 163.08 | OK | |
| r-release-linux-x86_64 | 0.1.41 | 135.37 | 29.77 | 165.14 | OK | |
| r-release-macos-arm64 | 0.1.41 | 44.00 | 27.00 | 71.00 | OK | |
| r-release-macos-x86_64 | 0.1.41 | 39.00 | 49.00 | 88.00 | OK | |
| r-release-windows-x86_64 | 0.1.41 | 157.00 | 73.00 | 230.00 | OK | |
| r-oldrel-macos-arm64 | 0.1.41 | 59.00 | 70.00 | 129.00 | NOTE | |
| r-oldrel-macos-x86_64 | 0.1.41 | 38.00 | 70.00 | 108.00 | NOTE | |
| r-oldrel-windows-x86_64 | 0.1.41 | 179.00 | 87.00 | 266.00 | OK |
Version: 0.1.41
Check: installed package size
Result: NOTE
installed size is 7.4Mb
sub-directories of 1Mb or more:
libs 7.1Mb
Flavors: r-oldrel-macos-arm64, r-oldrel-macos-x86_64