Last updated on 2024-09-08 09:48:34 CEST.
Flavor | Version | Tinstall | Tcheck | Ttotal | Status | Flags |
---|---|---|---|---|---|---|
r-devel-linux-x86_64-debian-clang | 0.1 | 6.57 | 68.28 | 74.85 | NOTE | |
r-devel-linux-x86_64-debian-gcc | 0.1 | 5.39 | 50.00 | 55.39 | NOTE | |
r-devel-linux-x86_64-fedora-clang | 0.1 | 120.22 | NOTE | |||
r-devel-linux-x86_64-fedora-gcc | 0.1 | 114.23 | NOTE | |||
r-devel-windows-x86_64 | 0.1 | 8.00 | 87.00 | 95.00 | NOTE | |
r-patched-linux-x86_64 | 0.1 | 6.74 | 65.10 | 71.84 | NOTE | |
r-release-linux-x86_64 | 0.1 | 6.37 | 65.70 | 72.07 | NOTE | |
r-release-macos-arm64 | 0.1 | 35.00 | NOTE | |||
r-release-macos-x86_64 | 0.1 | 60.00 | NOTE | |||
r-release-windows-x86_64 | 0.1 | 8.00 | 80.00 | 88.00 | NOTE | |
r-oldrel-macos-arm64 | 0.1 | 40.00 | NOTE | |||
r-oldrel-macos-x86_64 | 0.1 | 65.00 | NOTE | |||
r-oldrel-windows-x86_64 | 0.1 | 10.00 | 95.00 | 105.00 | NOTE |
Version: 0.1
Check: LazyData
Result: NOTE
'LazyData' is specified without a 'data' directory
Flavors: r-devel-linux-x86_64-debian-clang, r-devel-linux-x86_64-debian-gcc, r-devel-linux-x86_64-fedora-clang, r-devel-linux-x86_64-fedora-gcc, r-devel-windows-x86_64, r-patched-linux-x86_64, r-release-linux-x86_64, r-release-macos-arm64, r-release-macos-x86_64, r-release-windows-x86_64, r-oldrel-macos-arm64, r-oldrel-macos-x86_64, r-oldrel-windows-x86_64