Last updated on 2024-09-06 09:49:33 CEST.
Flavor | Version | Tinstall | Tcheck | Ttotal | Status | Flags |
---|---|---|---|---|---|---|
r-devel-linux-x86_64-debian-clang | 1.1 | 4.42 | 40.64 | 45.06 | NOTE | |
r-devel-linux-x86_64-debian-gcc | 1.1 | 3.53 | 30.79 | 34.32 | NOTE | |
r-devel-linux-x86_64-fedora-clang | 1.1 | 71.82 | NOTE | |||
r-devel-linux-x86_64-fedora-gcc | 1.1 | 67.98 | NOTE | |||
r-devel-windows-x86_64 | 1.1 | 6.00 | 64.00 | 70.00 | NOTE | |
r-patched-linux-x86_64 | 1.1 | 4.35 | 38.17 | 42.52 | NOTE | |
r-release-linux-x86_64 | 1.1 | 4.28 | 37.72 | 42.00 | NOTE | |
r-release-macos-arm64 | 1.1 | 23.00 | NOTE | |||
r-release-macos-x86_64 | 1.1 | 36.00 | NOTE | |||
r-release-windows-x86_64 | 1.1 | 7.00 | 172.00 | 179.00 | NOTE | |
r-oldrel-macos-arm64 | 1.1 | 24.00 | NOTE | |||
r-oldrel-macos-x86_64 | 1.1 | 36.00 | NOTE | |||
r-oldrel-windows-x86_64 | 1.1 | 7.00 | 187.00 | 194.00 | NOTE |
Version: 1.1
Check: LazyData
Result: NOTE
'LazyData' is specified without a 'data' directory
Flavors: r-devel-linux-x86_64-debian-clang, r-devel-linux-x86_64-debian-gcc, r-devel-linux-x86_64-fedora-clang, r-devel-linux-x86_64-fedora-gcc, r-devel-windows-x86_64, r-patched-linux-x86_64, r-release-linux-x86_64, r-release-macos-arm64, r-release-macos-x86_64, r-release-windows-x86_64, r-oldrel-macos-arm64, r-oldrel-macos-x86_64, r-oldrel-windows-x86_64