Last updated on 2024-09-08 09:48:33 CEST.
Flavor | Version | Tinstall | Tcheck | Ttotal | Status | Flags |
---|---|---|---|---|---|---|
r-devel-linux-x86_64-debian-clang | 0.1.3 | 9.31 | 71.70 | 81.01 | OK | |
r-devel-linux-x86_64-debian-gcc | 0.1.3 | 6.57 | 51.67 | 58.24 | OK | |
r-devel-linux-x86_64-fedora-clang | 0.1.3 | 125.53 | NOTE | |||
r-devel-linux-x86_64-fedora-gcc | 0.1.3 | 119.80 | OK | |||
r-devel-windows-x86_64 | 0.1.3 | 9.00 | 98.00 | 107.00 | OK | |
r-patched-linux-x86_64 | 0.1.3 | 9.94 | 67.02 | 76.96 | OK | |
r-release-linux-x86_64 | 0.1.3 | 8.79 | 68.23 | 77.02 | OK | |
r-release-macos-arm64 | 0.1.3 | 42.00 | OK | |||
r-release-macos-x86_64 | 0.1.3 | 102.00 | OK | |||
r-release-windows-x86_64 | 0.1.3 | 9.00 | 97.00 | 106.00 | OK | |
r-oldrel-macos-arm64 | 0.1.1 | 27.00 | OK | |||
r-oldrel-macos-x86_64 | 0.1.1 | 49.00 | OK | |||
r-oldrel-windows-x86_64 | 0.1.1 | 6.00 | 61.00 | 67.00 | OK |
Version: 0.1.3
Check: Rd cross-references
Result: NOTE
Undeclared packages ‘units’, ‘data.table’ in Rd xrefs
Flavor: r-devel-linux-x86_64-fedora-clang