Last updated on 2024-08-05 09:48:21 CEST.
Flavor | Version | Tinstall | Tcheck | Ttotal | Status | Flags |
---|---|---|---|---|---|---|
r-devel-linux-x86_64-debian-clang | 1.0 | 10.02 | 106.45 | 116.47 | NOTE | |
r-devel-linux-x86_64-debian-gcc | 1.0 | 6.57 | 63.36 | 69.93 | NOTE | |
r-devel-linux-x86_64-fedora-gcc | 1.0 | 153.68 | NOTE | |||
r-devel-windows-x86_64 | 1.0 | 13.00 | 93.00 | 106.00 | NOTE | |
r-patched-linux-x86_64 | 1.0 | 9.42 | 84.24 | 93.66 | NOTE | |
r-release-linux-x86_64 | 1.0 | 11.31 | 100.37 | 111.68 | NOTE | |
r-release-macos-arm64 | 1.0 | 50.00 | NOTE | |||
r-release-macos-x86_64 | 1.0 | 71.00 | NOTE | |||
r-release-windows-x86_64 | 1.0 | 12.00 | 91.00 | 103.00 | NOTE | |
r-oldrel-macos-arm64 | 1.0 | 44.00 | NOTE | |||
r-oldrel-macos-x86_64 | 1.0 | 119.00 | NOTE | |||
r-oldrel-windows-x86_64 | 1.0 | 14.00 | 107.00 | 121.00 | NOTE |
Version: 1.0
Check: package dependencies
Result: NOTE
Package suggested but not available for checking: ‘gurobi’
Flavors: r-devel-linux-x86_64-debian-clang, r-devel-linux-x86_64-debian-gcc, r-devel-linux-x86_64-fedora-gcc, r-devel-windows-x86_64, r-patched-linux-x86_64, r-release-linux-x86_64, r-release-macos-arm64, r-release-macos-x86_64, r-release-windows-x86_64, r-oldrel-macos-arm64, r-oldrel-macos-x86_64, r-oldrel-windows-x86_64