Last updated on 2025-10-24 09:50:22 CEST.
| Flavor | Version | Tinstall | Tcheck | Ttotal | Status | Flags |
|---|---|---|---|---|---|---|
| r-devel-linux-x86_64-debian-clang | 2.0.1 | 3.39 | 37.65 | 41.04 | NOTE | |
| r-devel-linux-x86_64-debian-gcc | 2.0.1 | 3.17 | 29.89 | 33.06 | NOTE | |
| r-devel-linux-x86_64-fedora-clang | 2.0.1 | 62.09 | OK | |||
| r-devel-linux-x86_64-fedora-gcc | 2.0.1 | 59.16 | OK | |||
| r-devel-windows-x86_64 | 2.0.1 | 6.00 | 52.00 | 58.00 | OK | |
| r-patched-linux-x86_64 | 2.0.1 | 3.70 | 36.22 | 39.92 | OK | |
| r-release-linux-x86_64 | 2.0.1 | 3.27 | 35.65 | 38.92 | OK | |
| r-release-macos-arm64 | 2.0.1 | 3.00 | 28.00 | 31.00 | OK | |
| r-release-macos-x86_64 | 2.0.1 | 4.00 | 42.00 | 46.00 | OK | |
| r-release-windows-x86_64 | 2.0.1 | 5.00 | 54.00 | 59.00 | OK | |
| r-oldrel-macos-arm64 | 2.0.1 | 3.00 | 24.00 | 27.00 | OK | |
| r-oldrel-macos-x86_64 | 2.0.1 | 4.00 | 32.00 | 36.00 | OK | |
| r-oldrel-windows-x86_64 | 2.0.1 | 6.00 | 64.00 | 70.00 | OK |
Version: 2.0.1
Check: CRAN incoming feasibility
Result: NOTE
Maintainer: ‘Martin R. Smith <martin.smith@durham.ac.uk>’
Package CITATION file contains call(s) to old-style personList() or
as.personList(). Please use c() on person objects instead.
Package CITATION file contains call(s) to old-style citEntry(). Please
use bibentry() instead.
Flavors: r-devel-linux-x86_64-debian-clang, r-devel-linux-x86_64-debian-gcc