Last updated on 2024-08-05 09:48:21 CEST.
Flavor | Version | Tinstall | Tcheck | Ttotal | Status | Flags |
---|---|---|---|---|---|---|
r-devel-linux-x86_64-debian-clang | 1.0.0 | 11.52 | 89.77 | 101.29 | OK | |
r-devel-linux-x86_64-debian-gcc | 1.0.0 | 8.09 | 53.05 | 61.14 | OK | |
r-devel-linux-x86_64-fedora-gcc | 1.0.0 | 134.45 | NOTE | |||
r-devel-windows-x86_64 | 1.0.0 | 13.00 | 87.00 | 100.00 | OK | |
r-patched-linux-x86_64 | 1.0.0 | 10.00 | 68.09 | 78.09 | OK | |
r-release-linux-x86_64 | 1.0.0 | 10.69 | 84.89 | 95.58 | OK | |
r-release-macos-arm64 | 1.0.0 | 46.00 | NOTE | |||
r-release-macos-x86_64 | 1.0.0 | 70.00 | NOTE | |||
r-release-windows-x86_64 | 1.0.0 | 13.00 | 80.00 | 93.00 | OK | |
r-oldrel-macos-arm64 | 1.0.0 | 48.00 | OK | |||
r-oldrel-macos-x86_64 | 1.0.0 | 74.00 | NOTE | |||
r-oldrel-windows-x86_64 | 1.0.0 | 16.00 | 92.00 | 108.00 | OK |
Version: 1.0.0
Check: dependencies in R code
Result: NOTE
Namespaces in Imports field not imported from:
‘MASS’ ‘Matrix’
All declared Imports should be used.
Flavor: r-devel-linux-x86_64-fedora-gcc
Version: 1.0.0
Check: installed package size
Result: NOTE
installed size is 5.1Mb
sub-directories of 1Mb or more:
data 5.0Mb
Flavors: r-release-macos-arm64, r-release-macos-x86_64, r-oldrel-macos-x86_64