Last updated on 2025-10-24 09:50:23 CEST.
| Flavor | Version | Tinstall | Tcheck | Ttotal | Status | Flags |
|---|---|---|---|---|---|---|
| r-devel-linux-x86_64-debian-clang | 0.1.5 | 3.83 | 43.20 | 47.03 | NOTE | |
| r-devel-linux-x86_64-debian-gcc | 0.1.5 | 2.89 | 31.30 | 34.19 | NOTE | |
| r-devel-linux-x86_64-fedora-clang | 0.1.5 | 71.75 | OK | |||
| r-devel-linux-x86_64-fedora-gcc | 0.1.5 | 11.00 | 61.13 | 72.13 | OK | |
| r-devel-windows-x86_64 | 0.1.5 | 6.00 | 60.00 | 66.00 | OK | |
| r-patched-linux-x86_64 | 0.1.5 | 3.80 | 40.56 | 44.36 | OK | |
| r-release-linux-x86_64 | 0.1.5 | 3.83 | 40.52 | 44.35 | OK | |
| r-release-macos-arm64 | 0.1.5 | 2.00 | 22.00 | 24.00 | OK | |
| r-release-macos-x86_64 | 0.1.5 | 4.00 | 39.00 | 43.00 | OK | |
| r-release-windows-x86_64 | 0.1.5 | 6.00 | 61.00 | 67.00 | OK | |
| r-oldrel-macos-arm64 | 0.1.5 | 2.00 | 20.00 | 22.00 | OK | |
| r-oldrel-macos-x86_64 | 0.1.5 | 3.00 | 31.00 | 34.00 | OK | |
| r-oldrel-windows-x86_64 | 0.1.5 | 8.00 | 72.00 | 80.00 | OK |
Version: 0.1.5
Check: CRAN incoming feasibility
Result: NOTE
Maintainer: ‘Pavel V. Moskalev <moskalefff@gmail.com>’
No Authors@R field in DESCRIPTION.
Please add one, modifying
Authors@R: person(given = c("Pavel", "V."),
family = "Moskalev",
role = c("aut", "cre"),
email = "moskalefff@gmail.com")
as necessary.
Flavors: r-devel-linux-x86_64-debian-clang, r-devel-linux-x86_64-debian-gcc