Last updated on 2024-09-06 09:49:35 CEST.
Flavor | Version | Tinstall | Tcheck | Ttotal | Status | Flags |
---|---|---|---|---|---|---|
r-devel-linux-x86_64-debian-clang | 0.1.6 | 5.83 | 58.79 | 64.62 | NOTE | |
r-devel-linux-x86_64-debian-gcc | 0.1.6 | 3.72 | 41.74 | 45.46 | NOTE | |
r-devel-linux-x86_64-fedora-clang | 0.1.6 | 104.27 | NOTE | |||
r-devel-linux-x86_64-fedora-gcc | 0.1.6 | 97.40 | NOTE | |||
r-devel-windows-x86_64 | 0.1.6 | 9.00 | 100.00 | 109.00 | NOTE | |
r-patched-linux-x86_64 | 0.1.6 | 5.77 | 56.31 | 62.08 | NOTE | |
r-release-linux-x86_64 | 0.1.6 | 5.69 | 56.24 | 61.93 | NOTE | |
r-release-macos-arm64 | 0.1.6 | 42.00 | NOTE | |||
r-release-macos-x86_64 | 0.1.6 | 54.00 | NOTE | |||
r-release-windows-x86_64 | 0.1.6 | 9.00 | 95.00 | 104.00 | NOTE | |
r-oldrel-macos-arm64 | 0.1.6 | 35.00 | NOTE | |||
r-oldrel-macos-x86_64 | 0.1.6 | 54.00 | NOTE | |||
r-oldrel-windows-x86_64 | 0.1.6 | 10.00 | 113.00 | 123.00 | NOTE |
Version: 0.1.6
Check: LazyData
Result: NOTE
'LazyData' is specified without a 'data' directory
Flavors: r-devel-linux-x86_64-debian-clang, r-devel-linux-x86_64-debian-gcc, r-devel-linux-x86_64-fedora-clang, r-devel-linux-x86_64-fedora-gcc, r-devel-windows-x86_64, r-patched-linux-x86_64, r-release-linux-x86_64, r-release-macos-arm64, r-release-macos-x86_64, r-release-windows-x86_64, r-oldrel-macos-arm64, r-oldrel-macos-x86_64, r-oldrel-windows-x86_64