Last updated on 2024-09-08 09:48:35 CEST.
Flavor | Version | Tinstall | Tcheck | Ttotal | Status | Flags |
---|---|---|---|---|---|---|
r-devel-linux-x86_64-debian-clang | 1.1.0 | 4.38 | 28.98 | 33.36 | OK | |
r-devel-linux-x86_64-debian-gcc | 1.1.0 | 2.62 | 21.18 | 23.80 | OK | |
r-devel-linux-x86_64-fedora-clang | 1.1.0 | 52.56 | NOTE | |||
r-devel-linux-x86_64-fedora-gcc | 1.1.0 | 49.39 | OK | |||
r-devel-windows-x86_64 | 1.1.0 | 5.00 | 53.00 | 58.00 | OK | |
r-patched-linux-x86_64 | 1.1.0 | 3.30 | 27.64 | 30.94 | OK | |
r-release-linux-x86_64 | 1.1.0 | 3.51 | 27.22 | 30.73 | OK | |
r-release-macos-arm64 | 1.1.0 | 18.00 | OK | |||
r-release-macos-x86_64 | 1.1.0 | 30.00 | OK | |||
r-release-windows-x86_64 | 1.1.0 | 4.00 | 51.00 | 55.00 | OK | |
r-oldrel-macos-arm64 | 1.1.0 | 20.00 | OK | |||
r-oldrel-macos-x86_64 | 1.1.0 | 28.00 | OK | |||
r-oldrel-windows-x86_64 | 1.1.0 | 5.00 | 52.00 | 57.00 | OK |
Version: 1.1.0
Check: Rd cross-references
Result: NOTE
Undeclared package ‘dplyr’ in Rd xrefs
Flavor: r-devel-linux-x86_64-fedora-clang