Last updated on 2024-09-06 09:49:14 CEST.
Flavor | Version | Tinstall | Tcheck | Ttotal | Status | Flags |
---|---|---|---|---|---|---|
r-devel-linux-x86_64-debian-clang | 2.1.4 | 9.75 | 49.99 | 59.74 | OK | |
r-devel-linux-x86_64-debian-gcc | 2.1.4 | 6.68 | 36.28 | 42.96 | OK | |
r-devel-linux-x86_64-fedora-clang | 2.1.4 | 95.80 | NOTE | |||
r-devel-linux-x86_64-fedora-gcc | 2.1.4 | 89.23 | NOTE | |||
r-devel-windows-x86_64 | 2.1.4 | 11.00 | 80.00 | 91.00 | OK | |
r-patched-linux-x86_64 | 2.1.4 | 10.74 | 46.89 | 57.63 | OK | |
r-release-linux-x86_64 | 2.1.4 | 8.26 | 47.33 | 55.59 | OK | |
r-release-macos-arm64 | 2.1.4 | 29.00 | OK | |||
r-release-macos-x86_64 | 2.1.4 | 56.00 | OK | |||
r-release-windows-x86_64 | 2.1.4 | 12.00 | 73.00 | 85.00 | OK | |
r-oldrel-macos-arm64 | 2.1.4 | 33.00 | OK | |||
r-oldrel-macos-x86_64 | 2.1.4 | 50.00 | OK | |||
r-oldrel-windows-x86_64 | 2.1.4 | 15.00 | 79.00 | 94.00 | OK |
Version: 2.1.4
Check: top-level files
Result: NOTE
‘configure’: /bin/bash is not portable
Flavors: r-devel-linux-x86_64-fedora-clang, r-devel-linux-x86_64-fedora-gcc