Last updated on 2025-05-14 09:49:30 CEST.
Flavor | Version | Tinstall | Tcheck | Ttotal | Status | Flags |
---|---|---|---|---|---|---|
r-devel-linux-x86_64-debian-clang | 1.2 | 13.07 | 322.71 | 335.78 | NOTE | |
r-devel-linux-x86_64-debian-gcc | 1.2 | 7.94 | 254.97 | 262.91 | NOTE | |
r-devel-linux-x86_64-fedora-clang | 1.2 | 561.31 | OK | |||
r-devel-linux-x86_64-fedora-gcc | 1.2 | 532.74 | OK | |||
r-devel-windows-x86_64 | 1.2 | 14.00 | 131.00 | 145.00 | OK | --no-vignettes |
r-patched-linux-x86_64 | 1.2 | 12.11 | 301.80 | 313.91 | OK | |
r-release-linux-x86_64 | 1.2 | 12.56 | 301.55 | 314.11 | OK | |
r-release-macos-arm64 | 1.2 | 170.00 | OK | |||
r-release-macos-x86_64 | 1.2 | 434.00 | OK | |||
r-release-windows-x86_64 | 1.2 | 15.00 | 135.00 | 150.00 | OK | --no-vignettes |
r-oldrel-macos-arm64 | 1.2 | 163.00 | NOTE | |||
r-oldrel-macos-x86_64 | 1.2 | 252.00 | NOTE | |||
r-oldrel-windows-x86_64 | 1.2 | 19.00 | 152.00 | 171.00 | NOTE | --no-vignettes |
Version: 1.2
Check: CRAN incoming feasibility
Result: NOTE
Maintainer: ‘Marta Karas <marta.karass@gmail.com>’
Package CITATION file contains call(s) to old-style citEntry(). Please
use bibentry() instead.
Flavors: r-devel-linux-x86_64-debian-clang, r-devel-linux-x86_64-debian-gcc
Version: 1.2
Check: installed package size
Result: NOTE
installed size is 5.1Mb
sub-directories of 1Mb or more:
doc 4.7Mb
Flavors: r-oldrel-macos-arm64, r-oldrel-macos-x86_64
Version: 1.2
Check: LazyData
Result: NOTE
'LazyData' is specified without a 'data' directory
Flavors: r-oldrel-macos-arm64, r-oldrel-macos-x86_64
Version: 1.2
Flags: --no-vignettes
Check: installed package size
Result: NOTE
installed size is 5.1Mb
sub-directories of 1Mb or more:
doc 4.7Mb
Flavor: r-oldrel-windows-x86_64
Version: 1.2
Flags: --no-vignettes
Check: LazyData
Result: NOTE
'LazyData' is specified without a 'data' directory
Flavor: r-oldrel-windows-x86_64