Last updated on 2025-05-22 09:51:33 CEST.
Flavor | Version | Tinstall | Tcheck | Ttotal | Status | Flags |
---|---|---|---|---|---|---|
r-devel-linux-x86_64-debian-clang | 0.3-4 | 45.78 | 170.58 | 216.36 | NOTE | |
r-devel-linux-x86_64-debian-gcc | 0.3-4 | 34.47 | 107.36 | 141.83 | NOTE | |
r-devel-linux-x86_64-fedora-clang | 0.3-4 | 352.45 | NOTE | |||
r-devel-linux-x86_64-fedora-gcc | 0.3-4 | 372.49 | NOTE | |||
r-devel-windows-x86_64 | 0.3-4 | 56.00 | 208.00 | 264.00 | OK | |
r-patched-linux-x86_64 | 0.3-4 | 48.01 | 161.24 | 209.25 | NOTE | |
r-release-linux-x86_64 | 0.3-4 | 48.07 | 162.71 | 210.78 | NOTE | |
r-release-macos-arm64 | 0.3-4 | 97.00 | OK | |||
r-release-macos-x86_64 | 0.3-4 | 195.00 | OK | |||
r-release-windows-x86_64 | 0.3-4 | 55.00 | 236.00 | 291.00 | OK | |
r-oldrel-macos-arm64 | 0.3-4 | 95.00 | OK | |||
r-oldrel-macos-x86_64 | 0.3-4 | 217.00 | OK | |||
r-oldrel-windows-x86_64 | 0.3-4 | 62.00 | 242.00 | 304.00 | OK |
Version: 0.3-4
Check: top-level files
Result: NOTE
possible bashism in configure.ac line 32 (should be 'b = a'):
if test x"${RSysinfoName}" == x"Darwin"; then
possible bashism in configure.ac line 43 (should be 'b = a'):
if test x"${hasOpenMP}" == x""; then
Flavors: r-devel-linux-x86_64-debian-clang, r-devel-linux-x86_64-debian-gcc, r-devel-linux-x86_64-fedora-clang, r-devel-linux-x86_64-fedora-gcc, r-patched-linux-x86_64, r-release-linux-x86_64