Last updated on 2025-11-13 09:50:39 CET.
| Flavor | Version | Tinstall | Tcheck | Ttotal | Status | Flags |
|---|---|---|---|---|---|---|
| r-devel-linux-x86_64-debian-clang | 1.2 | 92.90 | 60.97 | 153.87 | OK | |
| r-devel-linux-x86_64-debian-gcc | 1.2 | 68.94 | 46.60 | 115.54 | OK | |
| r-devel-linux-x86_64-fedora-clang | 1.2 | 130.00 | 139.91 | 269.91 | OK | |
| r-devel-linux-x86_64-fedora-gcc | 1.2 | 131.00 | 151.41 | 282.41 | OK | |
| r-devel-windows-x86_64 | 1.2 | 104.00 | 114.00 | 218.00 | OK | |
| r-patched-linux-x86_64 | 1.2 | 95.17 | 63.20 | 158.37 | OK | |
| r-release-linux-x86_64 | 1.2 | 98.65 | 64.23 | 162.88 | OK | |
| r-release-macos-arm64 | 1.2 | 46.00 | 43.00 | 89.00 | OK | |
| r-release-macos-x86_64 | 1.2 | 43.00 | 61.00 | 104.00 | OK | |
| r-release-windows-x86_64 | 1.2 | 103.00 | 112.00 | 215.00 | OK | |
| r-oldrel-macos-arm64 | 1.2 | 39.00 | 38.00 | 77.00 | NOTE | |
| r-oldrel-macos-x86_64 | 1.2 | 76.00 | 105.00 | 181.00 | NOTE | |
| r-oldrel-windows-x86_64 | 1.2 | 119.00 | 131.00 | 250.00 | OK |
Version: 1.2
Check: installed package size
Result: NOTE
installed size is 22.1Mb
sub-directories of 1Mb or more:
libs 21.7Mb
Flavors: r-oldrel-macos-arm64, r-oldrel-macos-x86_64