CRAN Package Check Results for Package aprof

Last updated on 2025-11-22 09:49:47 CET.

Flavor Version Tinstall Tcheck Ttotal Status Flags
r-devel-linux-x86_64-debian-clang 0.4.1 2.40 20.42 22.82 NOTE
r-devel-linux-x86_64-debian-gcc 0.4.1 1.83 16.60 18.43 NOTE
r-devel-linux-x86_64-fedora-clang 0.4.1 33.69 NOTE
r-devel-windows-x86_64 0.4.1 5.00 39.00 44.00 OK
r-patched-linux-x86_64 0.4.1 2.26 19.48 21.74 OK
r-release-linux-x86_64 0.4.1 2.01 19.30 21.31 OK
r-release-macos-arm64 0.4.1 OK
r-release-macos-x86_64 0.4.1 2.00 24.00 26.00 OK
r-release-windows-x86_64 0.4.1 4.00 38.00 42.00 OK
r-oldrel-macos-arm64 0.4.1 OK
r-oldrel-macos-x86_64 0.4.1 2.00 19.00 21.00 OK
r-oldrel-windows-x86_64 0.4.1 5.00 45.00 50.00 OK

Check Details

Version: 0.4.1
Check: CRAN incoming feasibility
Result: NOTE Maintainer: ‘Marco D. Visser <marco.d.visser@gmail.com>’ No Authors@R field in DESCRIPTION. Please add one, modifying Authors@R: person(given = c("Marco", "D."), family = "Visser", role = c("aut", "cre"), email = "marco.d.visser@gmail.com") as necessary. Flavors: r-devel-linux-x86_64-debian-clang, r-devel-linux-x86_64-debian-gcc

Version: 0.4.1
Check: dependencies in R code
Result: NOTE Namespace in Imports field not imported from: ‘testthat’ All declared Imports should be used. Flavor: r-devel-linux-x86_64-fedora-clang