Last updated on 2024-08-05 09:48:02 CEST.
Flavor | Version | Tinstall | Tcheck | Ttotal | Status | Flags |
---|---|---|---|---|---|---|
r-devel-linux-x86_64-debian-clang | 1.0.0 | 283.67 | 141.56 | 425.23 | OK | |
r-devel-linux-x86_64-debian-gcc | 1.0.0 | 123.66 | 84.54 | 208.20 | OK | |
r-devel-linux-x86_64-fedora-gcc | 1.0.0 | 634.34 | OK | |||
r-devel-windows-x86_64 | 1.0.0 | 217.00 | 137.00 | 354.00 | OK | |
r-patched-linux-x86_64 | 1.0.0 | 179.68 | 117.97 | 297.65 | OK | |
r-release-linux-x86_64 | 1.0.0 | 210.22 | 148.12 | 358.34 | OK | |
r-release-macos-arm64 | 1.0.0 | 129.00 | NOTE | |||
r-release-macos-x86_64 | 1.0.0 | 132.00 | NOTE | |||
r-release-windows-x86_64 | 1.0.0 | 213.00 | 133.00 | 346.00 | OK | |
r-oldrel-macos-arm64 | 1.0.0 | 96.00 | NOTE | |||
r-oldrel-macos-x86_64 | 1.0.0 | 170.00 | NOTE | |||
r-oldrel-windows-x86_64 | 1.0.0 | 258.00 | 170.00 | 428.00 | OK |
Version: 1.0.0
Check: installed package size
Result: NOTE
installed size is 10.8Mb
sub-directories of 1Mb or more:
data 1.1Mb
libs 8.5Mb
Flavors: r-release-macos-arm64, r-release-macos-x86_64, r-oldrel-macos-arm64, r-oldrel-macos-x86_64