Last updated on 2025-10-24 09:49:56 CEST.
| Flavor | Version | Tinstall | Tcheck | Ttotal | Status | Flags |
|---|---|---|---|---|---|---|
| r-devel-linux-x86_64-debian-clang | 0.3.1 | 2.42 | 39.72 | 42.14 | OK | |
| r-devel-linux-x86_64-debian-gcc | 0.3.1 | 1.76 | 32.38 | 34.14 | OK | |
| r-devel-linux-x86_64-fedora-clang | 0.3.1 | 63.30 | OK | |||
| r-devel-linux-x86_64-fedora-gcc | 0.3.1 | 75.55 | OK | |||
| r-devel-windows-x86_64 | 0.3.1 | 3.00 | 59.00 | 62.00 | OK | |
| r-patched-linux-x86_64 | 0.3.1 | 2.19 | 37.21 | 39.40 | OK | |
| r-release-linux-x86_64 | 0.3.1 | 1.94 | 37.03 | 38.97 | OK | |
| r-release-macos-arm64 | 0.3.1 | 1.00 | 37.00 | 38.00 | OK | |
| r-release-macos-x86_64 | 0.3.1 | 3.00 | 58.00 | 61.00 | OK | |
| r-release-windows-x86_64 | 0.3.1 | 6.00 | 61.00 | 67.00 | OK | |
| r-oldrel-macos-arm64 | 0.3.1 | 1.00 | 41.00 | 42.00 | NOTE | |
| r-oldrel-macos-x86_64 | 0.3.1 | 2.00 | 45.00 | 47.00 | NOTE | |
| r-oldrel-windows-x86_64 | 0.3.1 | 5.00 | 69.00 | 74.00 | NOTE |
Version: 0.3.1
Check: LazyData
Result: NOTE
'LazyData' is specified without a 'data' directory
Flavors: r-oldrel-macos-arm64, r-oldrel-macos-x86_64, r-oldrel-windows-x86_64