Last updated on 2025-10-21 09:48:25 CEST.
Flavor | Version | Tinstall | Tcheck | Ttotal | Status | Flags |
---|---|---|---|---|---|---|
r-devel-linux-x86_64-debian-clang | 0.3.1 | 24.81 | 390.66 | 415.47 | OK | |
r-devel-linux-x86_64-debian-gcc | 0.3.1 | 15.36 | 253.18 | 268.54 | NOTE | |
r-devel-linux-x86_64-fedora-clang | 0.3.1 | 657.47 | OK | |||
r-devel-linux-x86_64-fedora-gcc | 0.3.1 | 633.48 | OK | |||
r-devel-windows-x86_64 | 0.3.1 | 28.00 | 358.00 | 386.00 | OK | |
r-patched-linux-x86_64 | 0.3.1 | 24.64 | 358.86 | 383.50 | OK | |
r-release-linux-x86_64 | 0.3.1 | 23.57 | 359.14 | 382.71 | OK | |
r-release-macos-arm64 | 0.3.1 | 119.00 | OK | |||
r-release-macos-x86_64 | 0.3.1 | 288.00 | OK | |||
r-release-windows-x86_64 | 0.3.1 | 27.00 | 357.00 | 384.00 | OK | |
r-oldrel-macos-arm64 | 0.3.1 | 129.00 | NOTE | |||
r-oldrel-macos-x86_64 | 0.3.1 | 308.00 | NOTE | |||
r-oldrel-windows-x86_64 | 0.3.1 | 37.00 | 475.00 | 512.00 | NOTE |
Version: 0.3.1
Check: HTML version of manual
Result: NOTE
Found the following HTML validation problems:
get_ai_notes.html:66:1 (get_ai_notes.Rd:20): Warning: missing </ul> before </div>
get_ellmer_chat.html:63:1 (get_ellmer_chat.Rd:21): Warning: missing </ul> before </div>
get_prompt_list.html:46:1 (get_prompt_list.Rd:10): Warning: missing </ul> before </div>
get_proper_title.html:54:1 (get_proper_title.Rd:14): Warning: missing </ul> before </div>
Flavor: r-devel-linux-x86_64-debian-gcc
Version: 0.3.1
Check: installed package size
Result: NOTE
installed size is 10.3Mb
sub-directories of 1Mb or more:
data 1.6Mb
doc 8.2Mb
Flavors: r-oldrel-macos-arm64, r-oldrel-macos-x86_64, r-oldrel-windows-x86_64