Last updated on 2024-09-06 09:49:15 CEST.
Flavor | Version | Tinstall | Tcheck | Ttotal | Status | Flags |
---|---|---|---|---|---|---|
r-devel-linux-x86_64-debian-clang | 0.9.1 | 4.72 | 54.03 | 58.75 | OK | |
r-devel-linux-x86_64-debian-gcc | 0.9.1 | 4.11 | 41.41 | 45.52 | OK | |
r-devel-linux-x86_64-fedora-clang | 0.9.1 | 99.62 | OK | |||
r-devel-linux-x86_64-fedora-gcc | 0.9.1 | 96.91 | OK | |||
r-devel-windows-x86_64 | 0.9.1 | 21.00 | 209.00 | 230.00 | NOTE | |
r-patched-linux-x86_64 | 0.9.1 | 4.93 | 52.35 | 57.28 | OK | |
r-release-linux-x86_64 | 0.9.1 | 4.56 | 52.44 | 57.00 | OK | |
r-release-macos-arm64 | 0.9.1 | 57.00 | NOTE | |||
r-release-macos-x86_64 | 0.9.1 | 72.00 | NOTE | |||
r-release-windows-x86_64 | 0.9.1 | 21.00 | 191.00 | 212.00 | NOTE | |
r-oldrel-macos-arm64 | 0.9.1 | 53.00 | NOTE | |||
r-oldrel-macos-x86_64 | 0.9.1 | 75.00 | NOTE | |||
r-oldrel-windows-x86_64 | 0.9.1 | 23.00 | 253.00 | 276.00 | NOTE |
Version: 0.9.1
Check: installed package size
Result: NOTE
installed size is 30.3Mb
sub-directories of 1Mb or more:
libs 29.5Mb
Flavors: r-devel-windows-x86_64, r-release-macos-arm64, r-release-macos-x86_64, r-release-windows-x86_64, r-oldrel-macos-arm64, r-oldrel-macos-x86_64, r-oldrel-windows-x86_64