Last updated on 2025-05-13 09:53:21 CEST.
Flavor | Version | Tinstall | Tcheck | Ttotal | Status | Flags |
---|---|---|---|---|---|---|
r-devel-linux-x86_64-debian-clang | 2.2.13 | 223.89 | 68.06 | 291.95 | NOTE | |
r-devel-linux-x86_64-debian-gcc | 2.2.13 | 191.09 | 64.50 | 255.59 | NOTE | |
r-devel-linux-x86_64-fedora-clang | 2.2.13 | 411.83 | OK | |||
r-devel-linux-x86_64-fedora-gcc | 2.2.13 | 624.14 | OK | |||
r-devel-windows-x86_64 | 2.2.13 | 193.00 | 115.00 | 308.00 | OK | |
r-patched-linux-x86_64 | 2.2.13 | 260.47 | 85.29 | 345.76 | NOTE | |
r-release-linux-x86_64 | 2.2.13 | 256.08 | 85.63 | 341.71 | NOTE | |
r-release-macos-arm64 | 2.2.13 | 134.00 | OK | |||
r-release-macos-x86_64 | 2.2.13 | 282.00 | OK | |||
r-release-windows-x86_64 | 2.2.13 | 194.00 | 119.00 | 313.00 | OK | |
r-oldrel-macos-arm64 | 2.2.13 | 112.00 | NOTE | |||
r-oldrel-macos-x86_64 | 2.2.13 | 297.00 | NOTE | |||
r-oldrel-windows-x86_64 | 2.2.13 | 234.00 | 139.00 | 373.00 | OK |
Version: 2.2.13
Check: for unstated dependencies in ‘demo’
Result: NOTE
'data(package=)' call not declared from: ‘NAM’
Flavors: r-devel-linux-x86_64-debian-clang, r-devel-linux-x86_64-debian-gcc, r-patched-linux-x86_64, r-release-linux-x86_64
Version: 2.2.13
Check: installed package size
Result: NOTE
installed size is 129.4Mb
sub-directories of 1Mb or more:
libs 129.0Mb
Flavors: r-oldrel-macos-arm64, r-oldrel-macos-x86_64