Last updated on 2024-09-06 09:49:15 CEST.
Flavor | Version | Tinstall | Tcheck | Ttotal | Status | Flags |
---|---|---|---|---|---|---|
r-devel-linux-x86_64-debian-clang | 0.1.4.3 | 6.16 | 118.75 | 124.91 | OK | |
r-devel-linux-x86_64-debian-gcc | 0.1.4.3 | 5.69 | 78.38 | 84.07 | OK | |
r-devel-linux-x86_64-fedora-clang | 0.1.4.3 | 206.65 | NOTE | |||
r-devel-linux-x86_64-fedora-gcc | 0.1.4.3 | 208.84 | OK | |||
r-devel-windows-x86_64 | 0.1.4.3 | 13.00 | 134.00 | 147.00 | OK | |
r-patched-linux-x86_64 | 0.1.4.3 | 6.07 | 112.79 | 118.86 | OK | |
r-release-linux-x86_64 | 0.1.4.3 | 6.69 | 113.44 | 120.13 | OK | |
r-release-macos-arm64 | 0.1.4.3 | 67.00 | OK | |||
r-release-macos-x86_64 | 0.1.4.3 | 95.00 | OK | |||
r-release-windows-x86_64 | 0.1.4.3 | 13.00 | 127.00 | 140.00 | OK | |
r-oldrel-macos-arm64 | 0.1.4.3 | 68.00 | OK | |||
r-oldrel-macos-x86_64 | 0.1.4.3 | 108.00 | OK | |||
r-oldrel-windows-x86_64 | 0.1.4.3 | 15.00 | 155.00 | 170.00 | OK |
Version: 0.1.4.3
Check: Rd cross-references
Result: NOTE
Undeclared packages ‘InvariantCausalPrediction’, ‘CompareCausalNetworks’ in Rd xrefs
Flavor: r-devel-linux-x86_64-fedora-clang