Last updated on 2024-08-05 09:48:02 CEST.
Flavor | Version | Tinstall | Tcheck | Ttotal | Status | Flags |
---|---|---|---|---|---|---|
r-devel-linux-x86_64-debian-clang | 0.9.6 | 5.87 | 68.75 | 74.62 | OK | |
r-devel-linux-x86_64-debian-gcc | 0.9.6 | 3.67 | 38.68 | 42.35 | NOTE | |
r-devel-linux-x86_64-fedora-gcc | 0.9.6 | 86.94 | OK | |||
r-devel-windows-x86_64 | 0.9.6 | 7.00 | 78.00 | 85.00 | NOTE | |
r-patched-linux-x86_64 | 0.9.6 | 11.25 | 50.44 | 61.69 | OK | |
r-release-linux-x86_64 | 0.9.6 | 3.54 | 65.54 | 69.08 | OK | |
r-release-macos-arm64 | 0.9.6 | 33.00 | OK | |||
r-release-macos-x86_64 | 0.9.6 | 47.00 | OK | |||
r-release-windows-x86_64 | 0.9.6 | 7.00 | 76.00 | 83.00 | OK | |
r-oldrel-macos-arm64 | 0.9.6 | 37.00 | OK | |||
r-oldrel-macos-x86_64 | 0.9.6 | 51.00 | OK | |||
r-oldrel-windows-x86_64 | 0.9.6 | 8.00 | 86.00 | 94.00 | OK |
Version: 0.9.6
Check: Rd cross-references
Result: NOTE
Found the following Rd file(s) with Rd \link{} targets missing package
anchors:
getBanterModel.Rd: randomForest
Please provide package anchors for all Rd \link{} targets not in the
package itself and the base packages.
Flavors: r-devel-linux-x86_64-debian-gcc, r-devel-windows-x86_64