Last updated on 2024-08-05 09:48:02 CEST.
Flavor | Version | Tinstall | Tcheck | Ttotal | Status | Flags |
---|---|---|---|---|---|---|
r-devel-linux-x86_64-debian-clang | 0.2.2 | 9.79 | 71.30 | 81.09 | NOTE | |
r-devel-linux-x86_64-debian-gcc | 0.2.2 | 5.44 | 40.48 | 45.92 | NOTE | |
r-devel-linux-x86_64-fedora-gcc | 0.2.2 | 93.51 | NOTE | |||
r-devel-windows-x86_64 | 0.2.2 | 8.00 | 72.00 | 80.00 | NOTE | |
r-patched-linux-x86_64 | 0.2.2 | 7.66 | 51.40 | 59.06 | NOTE | |
r-release-linux-x86_64 | 0.2.2 | 9.31 | 66.18 | 75.49 | NOTE | |
r-release-macos-arm64 | 0.2.2 | 31.00 | NOTE | |||
r-release-macos-x86_64 | 0.2.2 | 52.00 | NOTE | |||
r-release-windows-x86_64 | 0.2.2 | 9.00 | 70.00 | 79.00 | NOTE | |
r-oldrel-macos-arm64 | 0.2.2 | 34.00 | OK | |||
r-oldrel-macos-x86_64 | 0.2.2 | 50.00 | OK | |||
r-oldrel-windows-x86_64 | 0.2.2 | 11.00 | 83.00 | 94.00 | OK |
Version: 0.2.2
Check: Rd files
Result: NOTE
checkRd: (-1) bd_collect.Rd:30: Lost braces; missing escapes or markup?
30 | the {dplyr}'s verbs and thus use it in local memory completely.
| ^
checkRd: (-1) bd_write.Rd:52: Lost braces; missing escapes or markup?
52 | Writes a remote table to disk that was called via {bdplyr}.
| ^
checkRd: (-1) bdplyr.Rd:5: Lost braces; missing escapes or markup?
5 | \title{Compatibility with {dplyr} verbs without using SQL language}
| ^
Flavors: r-devel-linux-x86_64-debian-clang, r-devel-linux-x86_64-debian-gcc, r-devel-linux-x86_64-fedora-gcc, r-devel-windows-x86_64, r-patched-linux-x86_64, r-release-linux-x86_64, r-release-macos-arm64, r-release-macos-x86_64, r-release-windows-x86_64