Last updated on 2024-08-05 09:48:02 CEST.
Flavor | Version | Tinstall | Tcheck | Ttotal | Status | Flags |
---|---|---|---|---|---|---|
r-devel-linux-x86_64-debian-clang | 7.4-2 | 19.71 | 137.63 | 157.34 | OK | |
r-devel-linux-x86_64-debian-gcc | 7.4-2 | 12.19 | 68.23 | 80.42 | OK | |
r-devel-linux-x86_64-fedora-gcc | 7.4-2 | 182.97 | OK | |||
r-devel-windows-x86_64 | 7.4-2 | 23.00 | 111.00 | 134.00 | OK | |
r-patched-linux-x86_64 | 7.4-2 | 19.60 | 98.09 | 117.69 | OK | |
r-release-linux-x86_64 | 7.4-2 | 22.05 | 131.44 | 153.49 | OK | |
r-release-macos-arm64 | 7.4-2 | 50.00 | NOTE | |||
r-release-macos-x86_64 | 7.4-2 | 83.00 | NOTE | |||
r-release-windows-x86_64 | 7.4-2 | 23.00 | 109.00 | 132.00 | OK | |
r-oldrel-macos-arm64 | 7.4-2 | 54.00 | NOTE | |||
r-oldrel-macos-x86_64 | 7.4-2 | 117.00 | NOTE | |||
r-oldrel-windows-x86_64 | 7.4-2 | 28.00 | 137.00 | 165.00 | OK |
Version: 7.4-2
Check: installed package size
Result: NOTE
installed size is 5.8Mb
sub-directories of 1Mb or more:
ex-data 4.6Mb
Flavors: r-release-macos-arm64, r-release-macos-x86_64, r-oldrel-macos-arm64, r-oldrel-macos-x86_64