Last updated on 2025-11-13 09:50:40 CET.
| Flavor | Version | Tinstall | Tcheck | Ttotal | Status | Flags |
|---|---|---|---|---|---|---|
| r-devel-linux-x86_64-debian-clang | 2.1.3.1 | 27.67 | 222.43 | 250.10 | OK | |
| r-devel-linux-x86_64-debian-gcc | 2.1.3.1 | 21.05 | 155.45 | 176.50 | OK | |
| r-devel-linux-x86_64-fedora-clang | 2.1.3.1 | 71.00 | 366.27 | 437.27 | OK | |
| r-devel-linux-x86_64-fedora-gcc | 2.1.3.1 | 64.00 | 328.83 | 392.83 | OK | |
| r-devel-windows-x86_64 | 2.1.3.1 | 28.00 | 215.00 | 243.00 | OK | |
| r-patched-linux-x86_64 | 2.1.3.1 | 27.81 | 210.95 | 238.76 | OK | |
| r-release-linux-x86_64 | 2.1.3.1 | 29.09 | 212.00 | 241.09 | OK | |
| r-release-macos-arm64 | 2.1.3.1 | 14.00 | 128.00 | 142.00 | OK | |
| r-release-macos-x86_64 | 2.1.3.1 | 23.00 | 245.00 | 268.00 | OK | |
| r-release-windows-x86_64 | 2.1.3.1 | 27.00 | 215.00 | 242.00 | OK | |
| r-oldrel-macos-arm64 | 2.1.3.1 | 14.00 | 100.00 | 114.00 | NOTE | |
| r-oldrel-macos-x86_64 | 2.1.3.1 | 25.00 | 178.00 | 203.00 | NOTE | |
| r-oldrel-windows-x86_64 | 2.1.3.1 | 40.00 | 281.00 | 321.00 | NOTE |
Version: 2.1.3.1
Check: installed package size
Result: NOTE
installed size is 5.4Mb
sub-directories of 1Mb or more:
data 3.7Mb
Flavors: r-oldrel-macos-arm64, r-oldrel-macos-x86_64, r-oldrel-windows-x86_64