Last updated on 2024-09-06 09:49:16 CEST.
Flavor | Version | Tinstall | Tcheck | Ttotal | Status | Flags |
---|---|---|---|---|---|---|
r-devel-linux-x86_64-debian-clang | 1.1.0 | 79.85 | 53.01 | 132.86 | NOTE | |
r-devel-linux-x86_64-debian-gcc | 1.1.0 | 62.52 | 39.90 | 102.42 | NOTE | |
r-devel-linux-x86_64-fedora-gcc | 1.1.0 | 261.67 | OK | |||
r-devel-windows-x86_64 | 1.1.0 | 263.00 | 131.00 | 394.00 | NOTE | |
r-patched-linux-x86_64 | 1.1.0 | 89.35 | 50.09 | 139.44 | OK | |
r-release-linux-x86_64 | 1.1.0 | 91.60 | 50.57 | 142.17 | OK | |
r-release-macos-arm64 | 1.1.0 | 70.00 | NOTE | |||
r-release-macos-x86_64 | 1.1.0 | 92.00 | NOTE | |||
r-release-windows-x86_64 | 1.1.0 | 261.00 | 130.00 | 391.00 | NOTE | |
r-oldrel-macos-arm64 | 1.1.0 | 80.00 | NOTE | |||
r-oldrel-macos-x86_64 | 1.1.0 | 109.00 | NOTE | |||
r-oldrel-windows-x86_64 | 1.1.0 | 271.00 | 266.00 | 537.00 | NOTE |
Version: 1.1.0
Check: Rd cross-references
Result: NOTE
Found the following Rd file(s) with Rd \link{} targets missing package
anchors:
DBI.Rd: DBIResult-class, DBIConnection-class
Please provide package anchors for all Rd \link{} targets not in the
package itself and the base packages.
Flavors: r-devel-linux-x86_64-debian-clang, r-devel-linux-x86_64-debian-gcc, r-devel-windows-x86_64
Version: 1.1.0
Check: installed package size
Result: NOTE
installed size is 16.5Mb
sub-directories of 1Mb or more:
libs 16.2Mb
Flavors: r-devel-windows-x86_64, r-release-macos-arm64, r-release-macos-x86_64, r-release-windows-x86_64, r-oldrel-macos-arm64, r-oldrel-macos-x86_64, r-oldrel-windows-x86_64