Last updated on 2024-09-06 09:49:16 CEST.
Flavor | Version | Tinstall | Tcheck | Ttotal | Status | Flags |
---|---|---|---|---|---|---|
r-devel-linux-x86_64-debian-clang | 0.1.26 | 66.03 | 108.02 | 174.05 | OK | |
r-devel-linux-x86_64-debian-gcc | 0.1.26 | 48.03 | 77.18 | 125.21 | OK | |
r-devel-linux-x86_64-fedora-clang | 0.1.26 | 324.62 | OK | |||
r-devel-linux-x86_64-fedora-gcc | 0.1.26 | 329.87 | OK | |||
r-devel-windows-x86_64 | 0.1.26 | 70.00 | 148.00 | 218.00 | OK | |
r-patched-linux-x86_64 | 0.1.26 | 71.03 | 99.95 | 170.98 | OK | |
r-release-linux-x86_64 | 0.1.26 | 64.35 | 100.19 | 164.54 | OK | |
r-release-macos-arm64 | 0.1.26 | 82.00 | NOTE | |||
r-release-macos-x86_64 | 0.1.26 | 101.00 | NOTE | |||
r-release-windows-x86_64 | 0.1.26 | 69.00 | 145.00 | 214.00 | OK | |
r-oldrel-macos-arm64 | 0.1.26 | 88.00 | NOTE | |||
r-oldrel-macos-x86_64 | 0.1.26 | 142.00 | NOTE | |||
r-oldrel-windows-x86_64 | 0.1.26 | 87.00 | 181.00 | 268.00 | OK |
Version: 0.1.26
Check: installed package size
Result: NOTE
installed size is 5.5Mb
sub-directories of 1Mb or more:
data 1.1Mb
libs 4.2Mb
Flavors: r-release-macos-arm64, r-release-macos-x86_64, r-oldrel-macos-arm64, r-oldrel-macos-x86_64