Last updated on 2024-09-06 09:49:16 CEST.
Flavor | Version | Tinstall | Tcheck | Ttotal | Status | Flags |
---|---|---|---|---|---|---|
r-devel-linux-x86_64-debian-clang | 0.6.4 | 8.10 | 53.32 | 61.42 | OK | |
r-devel-linux-x86_64-debian-gcc | 0.6.4 | 5.49 | 37.22 | 42.71 | OK | |
r-devel-linux-x86_64-fedora-clang | 0.6.4 | 100.81 | NOTE | |||
r-devel-linux-x86_64-fedora-gcc | 0.6.4 | 100.00 | NOTE | |||
r-devel-windows-x86_64 | 0.6.4 | 12.00 | 75.00 | 87.00 | OK | |
r-patched-linux-x86_64 | 0.6.4 | 8.56 | 50.65 | 59.21 | OK | |
r-release-linux-x86_64 | 0.6.4 | 7.55 | 50.64 | 58.19 | OK | |
r-release-macos-arm64 | 0.6.4 | 32.00 | OK | |||
r-release-macos-x86_64 | 0.6.4 | 45.00 | OK | |||
r-release-windows-x86_64 | 0.6.4 | 13.00 | 74.00 | 87.00 | OK | |
r-oldrel-macos-arm64 | 0.6.4 | 33.00 | OK | |||
r-oldrel-macos-x86_64 | 0.6.4 | 49.00 | OK | |||
r-oldrel-windows-x86_64 | 0.6.4 | 14.00 | 87.00 | 101.00 | OK |
Version: 0.6.4
Check: compiled code
Result: NOTE
File ‘blockTools/libs/blockTools.so’:
Found no calls to: ‘R_registerRoutines’, ‘R_useDynamicSymbols’
It is good practice to register native routines and to disable symbol
search.
See ‘Writing portable packages’ in the ‘Writing R Extensions’ manual.
Flavors: r-devel-linux-x86_64-fedora-clang, r-devel-linux-x86_64-fedora-gcc