Last updated on 2024-08-05 09:48:03 CEST.
Flavor | Version | Tinstall | Tcheck | Ttotal | Status | Flags |
---|---|---|---|---|---|---|
r-devel-linux-x86_64-debian-clang | 0.1.0 | 274.32 | 148.48 | 422.80 | NOTE | |
r-devel-linux-x86_64-debian-gcc | 0.1.0 | 206.81 | 97.73 | 304.54 | NOTE | |
r-devel-linux-x86_64-fedora-gcc | 0.1.0 | 730.74 | NOTE | |||
r-devel-windows-x86_64 | 0.1.0 | 242.00 | 150.00 | 392.00 | NOTE | |
r-patched-linux-x86_64 | 0.1.0 | 242.45 | 126.97 | 369.42 | NOTE | |
r-release-linux-x86_64 | 0.1.0 | 236.55 | 164.68 | 401.23 | NOTE | |
r-release-macos-arm64 | 0.1.0 | 135.00 | NOTE | |||
r-release-macos-x86_64 | 0.1.0 | 253.00 | NOTE | |||
r-release-windows-x86_64 | 0.1.0 | 235.00 | 152.00 | 387.00 | NOTE | |
r-oldrel-macos-arm64 | 0.1.0 | 133.00 | NOTE | |||
r-oldrel-macos-x86_64 | 0.1.0 | 214.00 | NOTE | |||
r-oldrel-windows-x86_64 | 0.1.0 | 303.00 | 181.00 | 484.00 | NOTE |
Version: 0.1.0
Check: for GNU extensions in Makefiles
Result: NOTE
GNU make is a SystemRequirements.
Flavors: r-devel-linux-x86_64-debian-clang, r-devel-linux-x86_64-debian-gcc, r-devel-linux-x86_64-fedora-gcc, r-devel-windows-x86_64, r-patched-linux-x86_64, r-release-linux-x86_64, r-release-macos-arm64, r-release-macos-x86_64, r-release-windows-x86_64, r-oldrel-macos-arm64, r-oldrel-macos-x86_64, r-oldrel-windows-x86_64
Version: 0.1.0
Check: dependencies in R code
Result: NOTE
Namespaces in Imports field not imported from:
‘RcppParallel’ ‘rstantools’
All declared Imports should be used.
Flavor: r-devel-linux-x86_64-fedora-gcc
Version: 0.1.0
Check: installed package size
Result: NOTE
installed size is 56.4Mb
sub-directories of 1Mb or more:
libs 56.0Mb
Flavors: r-release-macos-arm64, r-release-macos-x86_64, r-oldrel-macos-arm64, r-oldrel-macos-x86_64