Last updated on 2024-08-05 09:48:03 CEST.
Flavor | Version | Tinstall | Tcheck | Ttotal | Status | Flags |
---|---|---|---|---|---|---|
r-devel-linux-x86_64-debian-clang | 1.0 | 119.47 | 56.53 | 176.00 | NOTE | |
r-devel-linux-x86_64-debian-gcc | 1.0 | 61.91 | 31.56 | 93.47 | NOTE | |
r-devel-linux-x86_64-fedora-gcc | 1.0 | 268.65 | NOTE | |||
r-devel-windows-x86_64 | 1.0 | 102.00 | 83.00 | 185.00 | NOTE | |
r-patched-linux-x86_64 | 1.0 | 81.24 | 41.25 | 122.49 | NOTE | |
r-release-linux-x86_64 | 1.0 | 78.34 | 54.33 | 132.67 | NOTE | |
r-release-macos-arm64 | 1.0 | 57.00 | NOTE | |||
r-release-macos-x86_64 | 1.0 | 59.00 | NOTE | |||
r-release-windows-x86_64 | 1.0 | 100.00 | 82.00 | 182.00 | NOTE | |
r-oldrel-macos-arm64 | 1.0 | 66.00 | NOTE | |||
r-oldrel-macos-x86_64 | 1.0 | 120.00 | NOTE | |||
r-oldrel-windows-x86_64 | 1.0 | 117.00 | 97.00 | 214.00 | OK |
Version: 1.0
Check: Rd files
Result: NOTE
checkRd: (-1) slpDGCM.Rd:130-133: Lost braces
130 | \code{x1, x2, x3, \dots}- {input to the model, there must be one column
| ^
Flavors: r-devel-linux-x86_64-debian-clang, r-devel-linux-x86_64-debian-gcc, r-devel-linux-x86_64-fedora-gcc, r-devel-windows-x86_64, r-patched-linux-x86_64, r-release-linux-x86_64, r-release-macos-arm64, r-release-macos-x86_64, r-release-windows-x86_64
Version: 1.0
Check: installed package size
Result: NOTE
installed size is 5.4Mb
sub-directories of 1Mb or more:
libs 5.0Mb
Flavors: r-release-macos-arm64, r-release-macos-x86_64, r-oldrel-macos-arm64, r-oldrel-macos-x86_64