Last updated on 2024-08-05 09:48:03 CEST.
Flavor | Version | Tinstall | Tcheck | Ttotal | Status | Flags |
---|---|---|---|---|---|---|
r-devel-linux-x86_64-debian-clang | 1.1.1 | 21.59 | 134.62 | 156.21 | OK | |
r-devel-linux-x86_64-debian-gcc | 1.1.1 | 11.43 | 68.36 | 79.79 | OK | |
r-devel-linux-x86_64-fedora-gcc | 1.1.1 | 175.72 | NOTE | |||
r-devel-windows-x86_64 | 1.1.1 | 20.00 | 113.00 | 133.00 | OK | |
r-patched-linux-x86_64 | 1.1.1 | 16.04 | 94.76 | 110.80 | OK | |
r-release-linux-x86_64 | 1.1.1 | 12.95 | 123.43 | 136.38 | OK | |
r-release-macos-arm64 | 1.1.1 | 51.00 | OK | |||
r-release-macos-x86_64 | 1.1.1 | 132.00 | OK | |||
r-release-windows-x86_64 | 1.1.1 | 20.00 | 110.00 | 130.00 | OK | |
r-oldrel-macos-arm64 | 1.1.1 | 62.00 | OK | |||
r-oldrel-macos-x86_64 | 1.1.1 | 122.00 | OK | |||
r-oldrel-windows-x86_64 | 1.1.1 | 23.00 | 136.00 | 159.00 | OK |
Version: 1.1.1
Check: data for non-ASCII characters
Result: NOTE
Note: found 1045 marked UTF-8 strings
Flavor: r-devel-linux-x86_64-fedora-gcc