Last updated on 2024-09-06 09:49:16 CEST.
Flavor | Version | Tinstall | Tcheck | Ttotal | Status | Flags |
---|---|---|---|---|---|---|
r-devel-linux-x86_64-debian-clang | 0.3.4 | 58.65 | 58.48 | 117.13 | OK | |
r-devel-linux-x86_64-debian-gcc | 0.3.4 | 34.61 | 45.01 | 79.62 | OK | |
r-devel-linux-x86_64-fedora-clang | 0.3.4 | 217.13 | OK | |||
r-devel-linux-x86_64-fedora-gcc | 0.3.4 | 228.44 | OK | |||
r-devel-windows-x86_64 | 0.3.4 | 60.00 | 124.00 | 184.00 | OK | |
r-patched-linux-x86_64 | 0.3.3 | 52.81 | 57.85 | 110.66 | OK | |
r-release-linux-x86_64 | 0.3.3 | 49.54 | 57.75 | 107.29 | OK | |
r-release-macos-arm64 | 0.3.4 | 62.00 | NOTE | |||
r-release-macos-x86_64 | 0.3.4 | 139.00 | NOTE | |||
r-release-windows-x86_64 | 0.3.3 | 59.00 | 117.00 | 176.00 | OK | |
r-oldrel-macos-arm64 | 0.3.4 | 70.00 | OK | |||
r-oldrel-macos-x86_64 | 0.3.4 | 120.00 | OK | |||
r-oldrel-windows-x86_64 | 0.3.4 | 62.00 | 121.00 | 183.00 | OK |
Version: 0.3.4
Check: installed package size
Result: NOTE
installed size is 5.2Mb
sub-directories of 1Mb or more:
libs 4.9Mb
Flavors: r-release-macos-arm64, r-release-macos-x86_64